{"id":136,"date":"2013-12-05T19:33:49","date_gmt":"2013-12-05T17:33:49","guid":{"rendered":"http:\/\/www.max-weber-berufskolleg.de\/web\/?page_id=136"},"modified":"2025-05-19T09:14:15","modified_gmt":"2025-05-19T07:14:15","slug":"industriekaufleute","status":"publish","type":"page","link":"https:\/\/www.max-weber-berufskolleg.de\/web\/bildungsangebot\/berufsschule\/industriekaufleute\/","title":{"rendered":"Industriekaufleute"},"content":{"rendered":"<h3 style=\"font-weight: 400; text-align: justify;\"><strong>Beruf<\/strong><\/h3>\n<ul style=\"text-align: justify;\">\n<li>Kaufm\u00e4nnische T\u00e4tigkeiten in Industrieunternehmen<\/li>\n<li>Schnittstelle zwischen verschiedenen Abteilungen (z.B. Einkauf, Vertrieb, Rechnungswesen)<\/li>\n<li>Ausbildungsdauer<\/li>\n<li>3 Jahre (duale Ausbildung: Theorie an Schulen, Praxis im Betrieb)<\/li>\n<li>Verk\u00fcrzung m\u00f6glich<\/li>\n<\/ul>\n<p>&nbsp;<\/p>\n<h3 style=\"font-weight: 400; text-align: justify;\"><strong>Besonderheiten am MWBK<\/strong><\/h3>\n<ul style=\"text-align: justify;\">\n<li>Ausschlie\u00dflich im 13-Wochen-<strong>Block-Modell<\/strong> als siA-Klasse<\/li>\n<li>Unterstufe im letzten Drittel, Mittelstufe im mittleren Drittel und die Oberstufe im ersten Drittel eines Schuljahres<\/li>\n<li>ab der Mittelstufe kann unsere Fachschule f\u00fcr Rechnungswesen besucht und mit dem Bachelor Professional abgeschlossen werden (siehe dazu auch Fachschule f\u00fcr Rechnungswesen).<\/li>\n<li>siA-Kooperation mit der FOM Hochschule: paralleler Erwerb 46 ECTS. Dadurch Verk\u00fcrzung der Studiendauer mit entsprechender Reduktion der Studiengeb\u00fchren m\u00f6glich (siehe dazu auch \u201eduales Studium\u201c).<\/li>\n<li>F\u00fcr Auszubildende mit Abitur Teilnahme am Uni-on-Top-Programm mit der Universit\u00e4t Duisburg\/Essen. Einstieg ab dem 2. Ausbildungsjahr, Erwerb des Bachelor of Science, Anrechnung des Berufsschulabschlusses mit 42 ECTS<\/li>\n<\/ul>\n<p>&nbsp;<\/p>\n<h3 style=\"font-weight: 400; text-align: justify;\"><strong>Zusatzqualifikationen<\/strong><\/h3>\n<ul style=\"text-align: justify;\">\n<li>Zertifikat \u201eDigitalit\u00e4t in der beruflichen Bildung\u201c<\/li>\n<li>M\u00f6glichkeit des Erwerbs des Zertifikats \u201eInternationale berufliche Mobilit\u00e4t\u201c<\/li>\n<\/ul>\n<ul style=\"font-weight: 400; text-align: justify;\">\n<li>Umfangreiches Kursangebot im Wahlpflichtbereich (donnerstags \u00a0\u00a0\u00a0\u00a0\u00a0\u00a0 1.\/2. Stunde und\/oder 7.\/8. Stunde), z.B. Franz\u00f6sisch oder Spanisch, \u00a0\u00a0\u00a0 aktuelle Politik, Videoschnitt etc.<\/li>\n<\/ul>\n<p>&nbsp;<\/p>\n<h3 style=\"font-weight: 400; text-align: justify;\"><strong>Informationen zur Leistungsbewertung<\/strong><\/h3>\n<p style=\"font-weight: 400; text-align: justify;\">finden Sie <a href=\"https:\/\/www.max-weber-berufskolleg.de\/web\/wp-content\/uploads\/2025\/04\/0_Berufsschule-Leistungsbewertungskonzept-gesamt_2025.pdf\" target=\"_blank\" rel=\"noopener\">hier<\/a>.<\/p>\n<p style=\"font-weight: 400; text-align: justify;\"><strong>\u00a0<\/strong><\/p>\n<h3 style=\"font-weight: 400; text-align: justify;\"><strong>Lernmittel<\/strong><\/h3>\n<p style=\"font-weight: 400; text-align: justify;\"><a href=\"https:\/\/www.max-weber-berufskolleg.de\/web\/uebersicht-lernmittel-eigenanteile\/\" target=\"_blank\" rel=\"noopener\">Hier<\/a> finden Sie eine \u00dcbersicht, welche Lernmittel im Eigenanteil beschafft werden sollen.<\/p>\n<p>&nbsp;<\/p>\n<h3 style=\"font-weight: 400; text-align: justify;\"><strong>Ansprechpartner<\/strong><\/h3>\n<p style=\"font-weight: 400; text-align: justify;\"><strong>Herr Dr. Ja\u00dfmeier<\/strong> ist der zust\u00e4ndige Abteilungsleiter.<\/p>\n<p style=\"font-weight: 400; text-align: justify;\"><strong>Herr Graeve<\/strong> ist der zust\u00e4ndige Bildungsgangleiter.<\/p>\n<p style=\"text-align: justify;\"><span style=\"font-weight: 400;\">Falls Sie Fragen oder Anregungen haben, wenden Sie sich bitte per Email an: industrie@mwbk.nrw.schule oder vereinbaren Sie \u00fcber das Sekretariat einen Termin.<\/span><\/p>\n<div class=\"twoclick_social_bookmarks_post_136 social_share_privacy clearfix 1.6.4 locale-de_DE sprite-de_DE\"><\/div><div class=\"twoclick-js\"><script type=\"text\/javascript\">\/* <![CDATA[ *\/\njQuery(document).ready(function($){if($('.twoclick_social_bookmarks_post_136')){$('.twoclick_social_bookmarks_post_136').socialSharePrivacy({\"services\":{\"facebook\":{\"status\":\"on\",\"txt_info\":\"2 Klicks f\\u00fcr mehr Datenschutz: Erst wenn Sie hier klicken, wird der Button aktiv und Sie k\\u00f6nnen Ihre Empfehlung an Facebook senden. Schon beim Aktivieren werden Daten an Dritte \\u00fcbertragen - siehe <em>i<\\\/em>.\",\"perma_option\":\"off\",\"action\":\"recommend\",\"language\":\"de_DE\"},\"twitter\":{\"reply_to\":\"\",\"tweet_text\":\"Industriekaufleute%20%C2%BB%20MWBK%20D%C3%BCsseldorf\",\"status\":\"on\",\"txt_info\":\"2 Klicks f\\u00fcr mehr Datenschutz: Erst wenn Sie hier klicken, wird der Button aktiv und Sie k\\u00f6nnen Ihre Empfehlung an Twitter senden. Schon beim Aktivieren werden Daten an Dritte \\u00fcbertragen - siehe <em>i<\\\/em>.\",\"perma_option\":\"off\",\"language\":\"de\",\"referrer_track\":\"\"}},\"txt_help\":\"Wenn Sie diese Felder durch einen Klick aktivieren, werden Informationen an Facebook, Twitter, Flattr, Xing, t3n, LinkedIn, Pinterest oder Google eventuell ins Ausland \\u00fcbertragen und unter Umst\\u00e4nden auch dort gespeichert. N\\u00e4heres erfahren Sie durch einen Klick auf das <em>i<\\\/em>.\",\"settings_perma\":\"Dauerhaft aktivieren und Daten\\u00fcber-tragung zustimmen:\",\"info_link\":\"http:\\\/\\\/www.heise.de\\\/ct\\\/artikel\\\/2-Klicks-fuer-mehr-Datenschutz-1333879.html\",\"uri\":\"https:\\\/\\\/www.max-weber-berufskolleg.de\\\/web\\\/bildungsangebot\\\/berufsschule\\\/industriekaufleute\\\/\",\"post_id\":136,\"post_title_referrer_track\":\"Industriekaufleute\",\"display_infobox\":\"on\"});}});\n\/* ]]> *\/<\/script><\/div>","protected":false},"excerpt":{"rendered":"<p>Beruf Kaufm\u00e4nnische T\u00e4tigkeiten in Industrieunternehmen Schnittstelle zwischen verschiedenen Abteilungen (z.B. Einkauf, Vertrieb, Rechnungswesen) Ausbildungsdauer 3 Jahre (duale Ausbildung: Theorie an Schulen, Praxis im Betrieb) Verk\u00fcrzung m\u00f6glich &nbsp; Besonderheiten am MWBK Ausschlie\u00dflich im 13-Wochen-Block-Modell als siA-Klasse Unterstufe im letzten Drittel, Mittelstufe im mittleren Drittel und die Oberstufe im ersten Drittel eines Schuljahres ab der Mittelstufe kann &#8230;<a class=\"post-readmore\" href=\"https:\/\/www.max-weber-berufskolleg.de\/web\/bildungsangebot\/berufsschule\/industriekaufleute\/\">read more<\/a><\/p>\n","protected":false},"author":9,"featured_media":0,"parent":90,"menu_order":3,"comment_status":"closed","ping_status":"open","template":"","meta":{"jetpack_post_was_ever_published":false,"footnotes":"","_expiration-date-status":"","_expiration-date":0,"_expiration-date-type":"","_expiration-date-categories":[],"_expiration-date-options":[]},"class_list":["post-136","page","type-page","status-publish","hentry"],"jetpack-related-posts":[{"id":5088,"url":"https:\/\/www.max-weber-berufskolleg.de\/web\/fachschule-fuer-wirtschaft\/","url_meta":{"origin":136,"position":0},"title":"Fachschule f\u00fcr Wirtschaft","date":"11. Februar 2020","format":false,"excerpt":"Beschreibung der Fachschule f\u00fcr Wirtschaft mit dem Schwerpunkt Rechnungswesen und der Doppelqualifikation Bachelor Professional (Staatlich gepr\u00fcfte\/r Betriebswirt\/in) und ggf. Fachhochschulreife Mit dem erfolgreichen Abschluss der Fachschule f\u00fcr Wirtschaft ist die Berechtigung verbunden, die Berufsbezeichnung Staatlich gepr\u00fcfte Betriebswirtin \/ Staatlich gepr\u00fcfter Betriebswirt der Fachrichtung Betriebswirtschaft \/ Schwerpunkt: Rechnungswesen zu f\u00fchren. Ab\u2026","rel":"","context":"\u00c4hnlicher Beitrag","img":{"alt_text":"","src":"","width":0,"height":0},"classes":[]},{"id":7591,"url":"https:\/\/www.max-weber-berufskolleg.de\/web\/fachschule-fuer-wirtschaft-2\/","url_meta":{"origin":136,"position":1},"title":"Fachschule f\u00fcr Wirtschaft","date":"14. November 2022","format":false,"excerpt":"Die Anmeldung f\u00fcr das Schuljahr 2025\/26 startet ab 06.02.2026 \u00a0Bewerbungen sollten bis zum Beginn der Sommerferien vorliegen. Bewerbungen, die erst in den Sommerferien erfolgen, werden auf eine Warteliste gesetzt. Die Bewerber werden dann zeitnah (voraussichtlich Ende August) \u00fcber die Aufnahme in der Fachschule informiert. Bitte schicken Sie uns folgende Unterlagen\u2026","rel":"","context":"\u00c4hnlicher Beitrag","img":{"alt_text":"","src":"","width":0,"height":0},"classes":[]},{"id":156,"url":"https:\/\/www.max-weber-berufskolleg.de\/web\/bildungsangebot\/berufsschule\/steuerfachangestellte\/","url_meta":{"origin":136,"position":2},"title":"Steuerfachangestellte","date":"18. Dezember 2013","format":false,"excerpt":"Steuerfachangestellte sind qualifizierte Mitarbeiter und Mitarbeiterinnen in Praxen der Steuerberater, Wirtschaftspr\u00fcfer und vereidigten Buchpr\u00fcfer.\u00a0Sie verf\u00fcgen \u00fcber steuerfachspezifische und kaufm\u00e4nnische Fachkompetenz. Art der Klassen Der Unterricht ist in Teilzeitform organisiert; Auszubildende der steuerfachangestellten Berufe kommen 1 bis 1,5 Tage in der Woche zur \u00fcberwiegend fachlich-theoretischen Ausbildung in unsere Schule. Lernfelder\/F\u00e4cher \u00a0\u2026","rel":"","context":"\u00c4hnlicher Beitrag","img":{"alt_text":"","src":"https:\/\/i0.wp.com\/www.max-weber-berufskolleg.de\/web\/wp-content\/uploads\/2024\/09\/Steuern-Lernfelder.png?resize=350%2C200&ssl=1","width":350,"height":200},"classes":[]},{"id":7615,"url":"https:\/\/www.max-weber-berufskolleg.de\/web\/anmeldung-backup\/","url_meta":{"origin":136,"position":3},"title":"Anmeldung (Backup)","date":"15. November 2022","format":false,"excerpt":"Die gesetzliche Grundlage f\u00fcr die Datenerhebung bei der Anmeldung und deren Weiterverarbeitung finden Sie hier. \u00a0 Auf Wunsch des Schultr\u00e4gers werden wir f\u00fcr die Anmeldungen zum Schuljahr 2023\/24 im Januar auf das Anmeldeportal Sch\u00fcler online wechseln. \u00a0 Daraus ergeben sich dann Ver\u00e4nderungen in der Anmeldung \u00fcber die wir Sie ab\u2026","rel":"","context":"\u00c4hnlicher Beitrag","img":{"alt_text":"","src":"","width":0,"height":0},"classes":[]},{"id":450,"url":"https:\/\/www.max-weber-berufskolleg.de\/web\/anmeldung\/jahresplaner\/","url_meta":{"origin":136,"position":4},"title":"Jahresplaner &#8211; langfristige Termine","date":"14. Mai 2014","format":false,"excerpt":"Anmeldungen f\u00fcr das laufende Schuljahr sind f\u00fcr die Berufsschule jederzeit m\u00f6glich, die zugeh\u00f6rigen Informationen finden Sie\u00a0 auf der Anmeldeseite. F\u00fcr die Vollzeitbildungsg\u00e4nge \"H\u00f6here Handelsschule\", \"Fachschule f\u00fcr Wirtschaft\" und \"Fachoberschule\" gelten abweichende Termine, diese finden Sie unten auf der Seite und auf der Anmeldeseite. \u00a0 Schuljahr 2025\/2026 Ferienzeiten Sommerferien: 14.07.2025 -\u2026","rel":"","context":"\u00c4hnlicher Beitrag","img":{"alt_text":"","src":"","width":0,"height":0},"classes":[]},{"id":132,"url":"https:\/\/www.max-weber-berufskolleg.de\/web\/bildungsangebot\/berufsschule\/kaufleute-fuer-bueromanagement\/","url_meta":{"origin":136,"position":5},"title":"Kaufleute f\u00fcr B\u00fcromanagement","date":"5. Dezember 2013","format":false,"excerpt":"Beruf Kaufleute f\u00fcr B\u00fcromanagement organisieren und bearbeiten b\u00fcrowirtschaftliche Aufgaben. Au\u00dferdem erledigen sie kaufm\u00e4nnische T\u00e4tigkeiten in Bereichen wie Auftragsbearbeitung, Beschaffung, Rechnungswesen, Marketing und Personalverwaltung. (...) Kaufleute f\u00fcr B\u00fcromanagement finden Besch\u00e4ftigung in Unternehmen nahezu aller Wirtschaftsbereiche in der \u00f6ffentlichen Verwaltung bei Verb\u00e4nden, Organisationen und Interessenvertretungen. Quelle:\u00a0https:\/\/berufenet.arbeitsagentur.de\/ Ausbildung Die Ausbildung erfolgt regelm\u00e4\u00dfig\u00a0im Ausbildungsbetrieb\u2026","rel":"","context":"\u00c4hnlicher Beitrag","img":{"alt_text":"","src":"","width":0,"height":0},"classes":[]}],"jetpack_sharing_enabled":true,"_links":{"self":[{"href":"https:\/\/www.max-weber-berufskolleg.de\/web\/wp-json\/wp\/v2\/pages\/136","targetHints":{"allow":["GET"]}}],"collection":[{"href":"https:\/\/www.max-weber-berufskolleg.de\/web\/wp-json\/wp\/v2\/pages"}],"about":[{"href":"https:\/\/www.max-weber-berufskolleg.de\/web\/wp-json\/wp\/v2\/types\/page"}],"author":[{"embeddable":true,"href":"https:\/\/www.max-weber-berufskolleg.de\/web\/wp-json\/wp\/v2\/users\/9"}],"replies":[{"embeddable":true,"href":"https:\/\/www.max-weber-berufskolleg.de\/web\/wp-json\/wp\/v2\/comments?post=136"}],"version-history":[{"count":37,"href":"https:\/\/www.max-weber-berufskolleg.de\/web\/wp-json\/wp\/v2\/pages\/136\/revisions"}],"predecessor-version":[{"id":9152,"href":"https:\/\/www.max-weber-berufskolleg.de\/web\/wp-json\/wp\/v2\/pages\/136\/revisions\/9152"}],"up":[{"embeddable":true,"href":"https:\/\/www.max-weber-berufskolleg.de\/web\/wp-json\/wp\/v2\/pages\/90"}],"wp:attachment":[{"href":"https:\/\/www.max-weber-berufskolleg.de\/web\/wp-json\/wp\/v2\/media?parent=136"}],"curies":[{"name":"wp","href":"https:\/\/api.w.org\/{rel}","templated":true}]}}

<h3 style="font-weight: 400; text-align: justify;"><strong>Beruf</strong></h3>
<ul style="text-align: justify;">
<li>Kaufmännische Tätigkeiten in Industrieunternehmen</li>
<li>Schnittstelle zwischen verschiedenen Abteilungen (z.B. Einkauf, Vertrieb, Rechnungswesen)</li>
<li>Ausbildungsdauer</li>
<li>3 Jahre (duale Ausbildung: Theorie an Schulen, Praxis im Betrieb)</li>
<li>Verkürzung möglich</li>
</ul>
<p>&nbsp;</p>
<h3 style="font-weight: 400; text-align: justify;"><strong>Besonderheiten am MWBK</strong></h3>
<ul style="text-align: justify;">
<li>Ausschließlich im 13-Wochen-<strong>Block-Modell</strong> als siA-Klasse</li>
<li>Unterstufe im letzten Drittel, Mittelstufe im mittleren Drittel und die Oberstufe im ersten Drittel eines Schuljahres</li>
<li>ab der Mittelstufe kann unsere Fachschule für Rechnungswesen besucht und mit dem Bachelor Professional abgeschlossen werden (siehe dazu auch Fachschule für Rechnungswesen).</li>
<li>siA-Kooperation mit der FOM Hochschule: paralleler Erwerb 46 ECTS. Dadurch Verkürzung der Studiendauer mit entsprechender Reduktion der Studiengebühren möglich (siehe dazu auch „duales Studium“).</li>
<li>Für Auszubildende mit Abitur Teilnahme am Uni-on-Top-Programm mit der Universität Duisburg/Essen. Einstieg ab dem 2. Ausbildungsjahr, Erwerb des Bachelor of Science, Anrechnung des Berufsschulabschlusses mit 42 ECTS</li>
</ul>
<p>&nbsp;</p>
<h3 style="font-weight: 400; text-align: justify;"><strong>Zusatzqualifikationen</strong></h3>
<ul style="text-align: justify;">
<li>Zertifikat „Digitalität in der beruflichen Bildung“</li>
<li>Möglichkeit des Erwerbs des Zertifikats „Internationale berufliche Mobilität“</li>
</ul>
<ul style="font-weight: 400; text-align: justify;">
<li>Umfangreiches Kursangebot im Wahlpflichtbereich (donnerstags        1./2. Stunde und/oder 7./8. Stunde), z.B. Französisch oder Spanisch,     aktuelle Politik, Videoschnitt etc.</li>
</ul>
<p>&nbsp;</p>
<h3 style="font-weight: 400; text-align: justify;"><strong>Informationen zur Leistungsbewertung</strong></h3>
<p style="font-weight: 400; text-align: justify;">finden Sie <a href="https://www.max-weber-berufskolleg.de/web/wp-content/uploads/2025/04/0_Berufsschule-Leistungsbewertungskonzept-gesamt_2025.pdf" target="_blank" rel="noopener">hier</a>.</p>
<p style="font-weight: 400; text-align: justify;"><strong> </strong></p>
<h3 style="font-weight: 400; text-align: justify;"><strong>Lernmittel</strong></h3>
<p style="font-weight: 400; text-align: justify;"><a href="https://www.max-weber-berufskolleg.de/web/uebersicht-lernmittel-eigenanteile/" target="_blank" rel="noopener">Hier</a> finden Sie eine Übersicht, welche Lernmittel im Eigenanteil beschafft werden sollen.</p>
<p>&nbsp;</p>
<h3 style="font-weight: 400; text-align: justify;"><strong>Ansprechpartner</strong></h3>
<p style="font-weight: 400; text-align: justify;"><strong>Herr Dr. Jaßmeier</strong> ist der zuständige Abteilungsleiter.</p>
<p style="font-weight: 400; text-align: justify;"><strong>Herr Graeve</strong> ist der zuständige Bildungsgangleiter.</p>
<p style="text-align: justify;"><span style="font-weight: 400;">Falls Sie Fragen oder Anregungen haben, wenden Sie sich bitte per Email an: industrie@mwbk.nrw.schule oder vereinbaren Sie über das Sekretariat einen Termin.</span></p>
<div class="twoclick_social_bookmarks_post_136 social_share_privacy clearfix 1.6.4 locale-de_DE sprite-de_DE"></div><div class="twoclick-js"><script type="text/javascript">/* <![CDATA[ */
jQuery(document).ready(function($){if($('.twoclick_social_bookmarks_post_136')){$('.twoclick_social_bookmarks_post_136').socialSharePrivacy({"services":{"facebook":{"status":"on","txt_info":"2 Klicks f\u00fcr mehr Datenschutz: Erst wenn Sie hier klicken, wird der Button aktiv und Sie k\u00f6nnen Ihre Empfehlung an Facebook senden. Schon beim Aktivieren werden Daten an Dritte \u00fcbertragen - siehe <em>i<\/em>.","perma_option":"off","action":"recommend","language":"de_DE"},"twitter":{"reply_to":"","tweet_text":"Industriekaufleute%20%C2%BB%20MWBK%20D%C3%BCsseldorf","status":"on","txt_info":"2 Klicks f\u00fcr mehr Datenschutz: Erst wenn Sie hier klicken, wird der Button aktiv und Sie k\u00f6nnen Ihre Empfehlung an Twitter senden. Schon beim Aktivieren werden Daten an Dritte \u00fcbertragen - siehe <em>i<\/em>.","perma_option":"off","language":"de","referrer_track":""}},"txt_help":"Wenn Sie diese Felder durch einen Klick aktivieren, werden Informationen an Facebook, Twitter, Flattr, Xing, t3n, LinkedIn, Pinterest oder Google eventuell ins Ausland \u00fcbertragen und unter Umst\u00e4nden auch dort gespeichert. N\u00e4heres erfahren Sie durch einen Klick auf das <em>i<\/em>.","settings_perma":"Dauerhaft aktivieren und Daten\u00fcber-tragung zustimmen:","info_link":"http:\/\/www.heise.de\/ct\/artikel\/2-Klicks-fuer-mehr-Datenschutz-1333879.html","uri":"https:\/\/www.max-weber-berufskolleg.de\/web\/bildungsangebot\/berufsschule\/industriekaufleute\/","post_id":136,"post_title_referrer_track":"Industriekaufleute","display_infobox":"on"});}});
/* ]]> */</script></div>

<p>Beruf Kaufmännische Tätigkeiten in Industrieunternehmen Schnittstelle zwischen verschiedenen Abteilungen (z.B. Einkauf, Vertrieb, Rechnungswesen) Ausbildungsdauer 3 Jahre (duale Ausbildung: Theorie an Schulen, Praxis im Betrieb) Verkürzung möglich &nbsp; Besonderheiten am MWBK Ausschließlich im 13-Wochen-Block-Modell als siA-Klasse Unterstufe im letzten Drittel, Mittelstufe im mittleren Drittel und die Oberstufe im ersten Drittel eines Schuljahres ab der Mittelstufe kann &#8230;<a class="post-readmore" href="https://www.max-weber-berufskolleg.de/web/bildungsangebot/berufsschule/industriekaufleute/">read more</a></p>

Fachschule für Wirtschaft

Beschreibung der Fachschule für Wirtschaft mit dem Schwerpunkt Rechnungswesen und der Doppelqualifikation Bachelor Professional (Staatlich geprüfte/r Betriebswirt/in) und ggf. Fachhochschulreife Mit dem erfolgreichen Abschluss der Fachschule für Wirtschaft ist die Berechtigung verbunden, die Berufsbezeichnung Staatlich geprüfte Betriebswirtin / Staatlich geprüfter Betriebswirt der Fachrichtung Betriebswirtschaft / Schwerpunkt: Rechnungswesen zu führen. Ab…

Ähnlicher Beitrag

Die Anmeldung für das Schuljahr 2025/26 startet ab 06.02.2026  Bewerbungen sollten bis zum Beginn der Sommerferien vorliegen. Bewerbungen, die erst in den Sommerferien erfolgen, werden auf eine Warteliste gesetzt. Die Bewerber werden dann zeitnah (voraussichtlich Ende August) über die Aufnahme in der Fachschule informiert. Bitte schicken Sie uns folgende Unterlagen…

Steuerfachangestellte sind qualifizierte Mitarbeiter und Mitarbeiterinnen in Praxen der Steuerberater, Wirtschaftsprüfer und vereidigten Buchprüfer. Sie verfügen über steuerfachspezifische und kaufmännische Fachkompetenz. Art der Klassen Der Unterricht ist in Teilzeitform organisiert; Auszubildende der steuerfachangestellten Berufe kommen 1 bis 1,5 Tage in der Woche zur überwiegend fachlich-theoretischen Ausbildung in unsere Schule. Lernfelder/Fächer  …

Die gesetzliche Grundlage für die Datenerhebung bei der Anmeldung und deren Weiterverarbeitung finden Sie hier.   Auf Wunsch des Schulträgers werden wir für die Anmeldungen zum Schuljahr 2023/24 im Januar auf das Anmeldeportal Schüler online wechseln.   Daraus ergeben sich dann Veränderungen in der Anmeldung über die wir Sie ab…

Anmeldungen für das laufende Schuljahr sind für die Berufsschule jederzeit möglich, die zugehörigen Informationen finden Sie  auf der Anmeldeseite. Für die Vollzeitbildungsgänge "Höhere Handelsschule", "Fachschule für Wirtschaft" und "Fachoberschule" gelten abweichende Termine, diese finden Sie unten auf der Seite und auf der Anmeldeseite.   Schuljahr 2025/2026 Ferienzeiten Sommerferien: 14.07.2025 -…

Kaufleute für Büromanagement

Beruf Kaufleute für Büromanagement organisieren und bearbeiten bürowirtschaftliche Aufgaben. Außerdem erledigen sie kaufmännische Tätigkeiten in Bereichen wie Auftragsbearbeitung, Beschaffung, Rechnungswesen, Marketing und Personalverwaltung. (...) Kaufleute für Büromanagement finden Beschäftigung in Unternehmen nahezu aller Wirtschaftsbereiche in der öffentlichen Verwaltung bei Verbänden, Organisationen und Interessenvertretungen. Quelle: https://berufenet.arbeitsagentur.de/ Ausbildung Die Ausbildung erfolgt regelmäßig im Ausbildungsbetrieb…
