{"id":1478,"date":"2015-08-25T15:31:10","date_gmt":"2015-08-25T13:31:10","guid":{"rendered":"http:\/\/www.max-weber-berufskolleg.de\/web\/?page_id=1478"},"modified":"2016-08-18T10:15:25","modified_gmt":"2016-08-18T08:15:25","slug":"termine","status":"publish","type":"page","link":"https:\/\/www.max-weber-berufskolleg.de\/web\/termine\/","title":{"rendered":"Termine"},"content":{"rendered":"<div class=\"twoclick_social_bookmarks_post_1478 social_share_privacy clearfix 1.6.4 locale-de_DE sprite-de_DE\"><\/div><div class=\"twoclick-js\"><script type=\"text\/javascript\">\/* <![CDATA[ *\/\njQuery(document).ready(function($){if($('.twoclick_social_bookmarks_post_1478')){$('.twoclick_social_bookmarks_post_1478').socialSharePrivacy({\"services\":{\"facebook\":{\"status\":\"on\",\"txt_info\":\"2 Klicks f\\u00fcr mehr Datenschutz: Erst wenn Sie hier klicken, wird der Button aktiv und Sie k\\u00f6nnen Ihre Empfehlung an Facebook senden. Schon beim Aktivieren werden Daten an Dritte \\u00fcbertragen - siehe <em>i<\\\/em>.\",\"perma_option\":\"off\",\"action\":\"recommend\",\"language\":\"de_DE\"},\"twitter\":{\"reply_to\":\"\",\"tweet_text\":\"Termine%20%C2%BB%20MWBK%20D%C3%BCsseldorf\",\"status\":\"on\",\"txt_info\":\"2 Klicks f\\u00fcr mehr Datenschutz: Erst wenn Sie hier klicken, wird der Button aktiv und Sie k\\u00f6nnen Ihre Empfehlung an Twitter senden. Schon beim Aktivieren werden Daten an Dritte \\u00fcbertragen - siehe <em>i<\\\/em>.\",\"perma_option\":\"off\",\"language\":\"de\",\"referrer_track\":\"\"}},\"txt_help\":\"Wenn Sie diese Felder durch einen Klick aktivieren, werden Informationen an Facebook, Twitter, Flattr, Xing, t3n, LinkedIn, Pinterest oder Google eventuell ins Ausland \\u00fcbertragen und unter Umst\\u00e4nden auch dort gespeichert. N\\u00e4heres erfahren Sie durch einen Klick auf das <em>i<\\\/em>.\",\"settings_perma\":\"Dauerhaft aktivieren und Daten\\u00fcber-tragung zustimmen:\",\"info_link\":\"http:\\\/\\\/www.heise.de\\\/ct\\\/artikel\\\/2-Klicks-fuer-mehr-Datenschutz-1333879.html\",\"uri\":\"https:\\\/\\\/www.max-weber-berufskolleg.de\\\/web\\\/termine\\\/\",\"post_id\":1478,\"post_title_referrer_track\":\"Termine\",\"display_infobox\":\"on\"});}});\n\/* ]]> *\/<\/script><\/div>","protected":false},"excerpt":{"rendered":"","protected":false},"author":9,"featured_media":0,"parent":0,"menu_order":0,"comment_status":"closed","ping_status":"closed","template":"","meta":{"jetpack_post_was_ever_published":false,"footnotes":"","_expiration-date-status":"","_expiration-date":0,"_expiration-date-type":"","_expiration-date-categories":[],"_expiration-date-options":[]},"class_list":["post-1478","page","type-page","status-publish","hentry"],"jetpack-related-posts":[{"id":3437,"url":"https:\/\/www.max-weber-berufskolleg.de\/web\/release-notes-alt\/","url_meta":{"origin":1478,"position":0},"title":"Release-Notes alt","date":"24. April 2018","format":false,"excerpt":"V20200926 Einf\u00fcgung Artikel \"Rheinbahnstreik\", oben gehalten bis 29092020 abends V20200922 Einf\u00fcgung Artikel D\u00fcsseldorfer Ausbilderkreis Livestream V20200920 Einf\u00fcgung Artikel Ferienschlie\u00dfung (verf\u00e4llt automatisch zu Entwurf) V20200920 Einf\u00fcgung Artikel Online-Beratung Auslandspraktikum V20200915 Einf\u00fcgung Artikel und Video der Stadt zur Neubauer\u00f6ffnung V20200914 Einf\u00fcgung Artikel Einweihung Neubau Aktualisierung IMA Europa Seite V20200904 Einf\u00fcgung Artikel Empfehlung\u2026","rel":"","context":"\u00c4hnlicher Beitrag","img":{"alt_text":"","src":"","width":0,"height":0},"classes":[]},{"id":1891,"url":"https:\/\/www.max-weber-berufskolleg.de\/web\/release-notes\/","url_meta":{"origin":1478,"position":1},"title":"Release notes","date":"16. Juni 2016","format":false,"excerpt":"V2925-11-25 H\u00f6Ha Anmeldeseiten \u00fcberarbeitet Handelsschule umbenannt V2025-11-18 Kursverzeichnis hinzugef\u00fcgt Mittelstufe V2025-11-15 Schulprogramm ausgetauscht V2025-11-06 Anmeldeseiten \u00fcberarbeitet Tempus Links V2025-11-03 Beitrag Pop Up Beratung Jahresplaner erweitert V2025-10-31 Anmeldeseite \u00fcberarbeitet V2025-10-30 Anmeldeseiten \u00fcberarbeitet V2025-10-08 Abteilungsleiter esL erg\u00e4nzt V2025-10-08 Jahresplaner erweitert Sia Ansprechpartner ausgetauscht V2025-10-06 Beitrag hinzugef\u00fcgt Schulkonferenz Beitrag geplant Logo Startseite \u00fcberarbeitet\u2026","rel":"","context":"\u00c4hnlicher Beitrag","img":{"alt_text":"","src":"","width":0,"height":0},"classes":[]},{"id":4805,"url":"https:\/\/www.max-weber-berufskolleg.de\/web\/reservierung\/","url_meta":{"origin":1478,"position":2},"title":"Reservierung Sch\u00fclerplatz in der FOS 11\/12","date":"10. November 2019","format":false,"excerpt":"Reservierung eines Sch\u00fclerplatzes f\u00fcr das kommende Schuljahr in der Fachoberschule (FOS 11\/12) ACHTUNG: Diese Reservierung ist keine Anmeldung! Diese muss pers\u00f6nlich zu Beginn eines Jahres erfolgen. Die Termine ver\u00f6ffentlichen wir auf der Homepage des Max-Weber-Berufskollegs. \u00a0 Hier finden Sie die Informationen zur Fachoberschule 11\/12 F\u00fcr alle anderen Bildungsg\u00e4nge wechseln Sie\u2026","rel":"","context":"\u00c4hnlicher Beitrag","img":{"alt_text":"","src":"","width":0,"height":0},"classes":[]},{"id":450,"url":"https:\/\/www.max-weber-berufskolleg.de\/web\/anmeldung\/jahresplaner\/","url_meta":{"origin":1478,"position":3},"title":"Jahresplaner &#8211; langfristige Termine","date":"14. Mai 2014","format":false,"excerpt":"Anmeldungen f\u00fcr das laufende Schuljahr sind f\u00fcr die Berufsschule jederzeit m\u00f6glich, die zugeh\u00f6rigen Informationen finden Sie\u00a0 auf der Anmeldeseite. F\u00fcr die Vollzeitbildungsg\u00e4nge \"H\u00f6here Handelsschule\", \"Fachschule f\u00fcr Wirtschaft\" und \"Fachoberschule\" gelten abweichende Termine, diese finden Sie unten auf der Seite und auf der Anmeldeseite. \u00a0 Schuljahr 2025\/2026 Ferienzeiten Sommerferien: 14.07.2025 -\u2026","rel":"","context":"\u00c4hnlicher Beitrag","img":{"alt_text":"","src":"","width":0,"height":0},"classes":[]},{"id":7660,"url":"https:\/\/www.max-weber-berufskolleg.de\/web\/handelsschule-fuer-fluechtlinge-2\/","url_meta":{"origin":1478,"position":4},"title":"Handelsschule f\u00fcr Vielfalt und Integration (Berufsfachschule 2)","date":"28. November 2022","format":false,"excerpt":"\u00a0 Die Anmeldung f\u00fcr das Schuljahr 2026\/27 startete am 06.02.2026 \u00a0 Handelsschule: hier sind noch Pl\u00e4tze frei. - Nachanmeldung am 26.06.2026 von 10:00 bis 12:00 Uhr - Terminvereinbarung per Mail: handelsschule@mwbk.nrw.schule Sollten zum Ende des Schuljahres noch Restpl\u00e4tze verf\u00fcgbar sein, finden weitere Anmeldungen am 14.07.2026 ab 08:00 Uhr statt. Erfahrungsgem\u00e4\u00df\u2026","rel":"","context":"\u00c4hnlicher Beitrag","img":{"alt_text":"","src":"","width":0,"height":0},"classes":[]},{"id":7582,"url":"https:\/\/www.max-weber-berufskolleg.de\/web\/fachoberschule-11-12\/","url_meta":{"origin":1478,"position":5},"title":"Fachoberschule 11\/12","date":"14. November 2022","format":false,"excerpt":"Die Anmeldung f\u00fcr das Schuljahr 2026\/27 startete am 06.02.2026 \u00a0 FOS 11\/12 \u2013 Wichtige Information F\u00fcr die FOS 11\/12 sind derzeit noch freie Pl\u00e4tze verf\u00fcgbar. Das Bewerbungsportal Schulbewerbung.de \u00f6ffnet hierf\u00fcr erneut am 13.04.2026. Bitte beachten Sie: F\u00fcr die Aufnahme in die FOS ist ein ganzj\u00e4hriges Praktikum verpflichtend. Die Suche nach\u2026","rel":"","context":"\u00c4hnlicher Beitrag","img":{"alt_text":"","src":"","width":0,"height":0},"classes":[]}],"jetpack_sharing_enabled":true,"_links":{"self":[{"href":"https:\/\/www.max-weber-berufskolleg.de\/web\/wp-json\/wp\/v2\/pages\/1478","targetHints":{"allow":["GET"]}}],"collection":[{"href":"https:\/\/www.max-weber-berufskolleg.de\/web\/wp-json\/wp\/v2\/pages"}],"about":[{"href":"https:\/\/www.max-weber-berufskolleg.de\/web\/wp-json\/wp\/v2\/types\/page"}],"author":[{"embeddable":true,"href":"https:\/\/www.max-weber-berufskolleg.de\/web\/wp-json\/wp\/v2\/users\/9"}],"replies":[{"embeddable":true,"href":"https:\/\/www.max-weber-berufskolleg.de\/web\/wp-json\/wp\/v2\/comments?post=1478"}],"version-history":[{"count":1,"href":"https:\/\/www.max-weber-berufskolleg.de\/web\/wp-json\/wp\/v2\/pages\/1478\/revisions"}],"predecessor-version":[{"id":1479,"href":"https:\/\/www.max-weber-berufskolleg.de\/web\/wp-json\/wp\/v2\/pages\/1478\/revisions\/1479"}],"wp:attachment":[{"href":"https:\/\/www.max-weber-berufskolleg.de\/web\/wp-json\/wp\/v2\/media?parent=1478"}],"curies":[{"name":"wp","href":"https:\/\/api.w.org\/{rel}","templated":true}]}}

V20200926 Einfügung Artikel "Rheinbahnstreik", oben gehalten bis 29092020 abends V20200922 Einfügung Artikel Düsseldorfer Ausbilderkreis Livestream V20200920 Einfügung Artikel Ferienschließung (verfällt automatisch zu Entwurf) V20200920 Einfügung Artikel Online-Beratung Auslandspraktikum V20200915 Einfügung Artikel und Video der Stadt zur Neubaueröffnung V20200914 Einfügung Artikel Einweihung Neubau Aktualisierung IMA Europa Seite V20200904 Einfügung Artikel Empfehlung…

Ähnlicher Beitrag

V2925-11-25 HöHa Anmeldeseiten überarbeitet Handelsschule umbenannt V2025-11-18 Kursverzeichnis hinzugefügt Mittelstufe V2025-11-15 Schulprogramm ausgetauscht V2025-11-06 Anmeldeseiten überarbeitet Tempus Links V2025-11-03 Beitrag Pop Up Beratung Jahresplaner erweitert V2025-10-31 Anmeldeseite überarbeitet V2025-10-30 Anmeldeseiten überarbeitet V2025-10-08 Abteilungsleiter esL ergänzt V2025-10-08 Jahresplaner erweitert Sia Ansprechpartner ausgetauscht V2025-10-06 Beitrag hinzugefügt Schulkonferenz Beitrag geplant Logo Startseite überarbeitet…

Reservierung Schülerplatz in der FOS 11/12

Reservierung eines Schülerplatzes für das kommende Schuljahr in der Fachoberschule (FOS 11/12) ACHTUNG: Diese Reservierung ist keine Anmeldung! Diese muss persönlich zu Beginn eines Jahres erfolgen. Die Termine veröffentlichen wir auf der Homepage des Max-Weber-Berufskollegs.   Hier finden Sie die Informationen zur Fachoberschule 11/12 Für alle anderen Bildungsgänge wechseln Sie…

Anmeldungen für das laufende Schuljahr sind für die Berufsschule jederzeit möglich, die zugehörigen Informationen finden Sie  auf der Anmeldeseite. Für die Vollzeitbildungsgänge "Höhere Handelsschule", "Fachschule für Wirtschaft" und "Fachoberschule" gelten abweichende Termine, diese finden Sie unten auf der Seite und auf der Anmeldeseite.   Schuljahr 2025/2026 Ferienzeiten Sommerferien: 14.07.2025 -…

Handelsschule für Vielfalt und Integration (Berufsfachschule 2)

Die Anmeldung für das Schuljahr 2026/27 startete am 06.02.2026   Handelsschule: hier sind noch Plätze frei. - Nachanmeldung am 26.06.2026 von 10:00 bis 12:00 Uhr - Terminvereinbarung per Mail: handelsschule@mwbk.nrw.schule Sollten zum Ende des Schuljahres noch Restplätze verfügbar sein, finden weitere Anmeldungen am 14.07.2026 ab 08:00 Uhr statt. Erfahrungsgemäß…

Die Anmeldung für das Schuljahr 2026/27 startete am 06.02.2026   FOS 11/12 – Wichtige Information Für die FOS 11/12 sind derzeit noch freie Plätze verfügbar. Das Bewerbungsportal Schulbewerbung.de öffnet hierfür erneut am 13.04.2026. Bitte beachten Sie: Für die Aufnahme in die FOS ist ein ganzjähriges Praktikum verpflichtend. Die Suche nach…
