{"id":2375,"date":"2017-05-01T12:14:19","date_gmt":"2017-05-01T10:14:19","guid":{"rendered":"http:\/\/www.max-weber-berufskolleg.de\/web\/?page_id=2375"},"modified":"2017-11-03T11:18:29","modified_gmt":"2017-11-03T10:18:29","slug":"jubilaeum","status":"publish","type":"page","link":"https:\/\/www.max-weber-berufskolleg.de\/web\/allgemeine-schulinfos\/jubilaeum\/","title":{"rendered":"Jubil\u00e4um &#8211; Das Max-Weber-Berufskolleg wurde 50 Jahre jung!"},"content":{"rendered":"<h3>Max-Weber- und Walter-Eucken-Berufskolleg feiern 50. Geburtstag<\/h3>\n<h4>250 G\u00e4ste kamen zum Festakt<\/h4>\n<p style=\"text-align: justify;\">Im Februar 1967 besuchten \u00fcber 7.000 Sch\u00fcler die damit gr\u00f6\u00dfte kaufm\u00e4nnische Schule in Nordrhein-Westfalen. Da bei dieser Sch\u00fclerzahl eine vern\u00fcnftige Steuerung unm\u00f6glich war, beschloss der Rat der Stadt die Trennung der Schulen. So entstanden im Herbst 1967 die Kaufm\u00e4nnische Schule II mit 2.591 Sch\u00fclern, das heutige Max-Weber-Berufskolleg,\u00a0 und die Kaufm\u00e4nnischen Schulen III mit 2.600 Sch\u00fclern,\u00a0 das heutige Walter-Eucken-Berufskolleg.<\/p>\n<p style=\"text-align: justify;\">Damit wurden beide Schulen im September 2017 50 Jahre alt.<\/p>\n<p style=\"text-align: justify;\">50 Jahre, in denen viele Sch\u00fclerinnen und Sch\u00fcler unter unserem gemeinsamen Dach gelernt, in Pr\u00fcfungen und Klausuren geschwitzt, aber auch gelacht und ihre (Berufs-)Schulzeit genossen haben.<\/p>\n<p style=\"text-align: justify;\">50 Jahre, in denen viele Lehrerinnen und Lehrer gemeinsam mit den Sch\u00fclerinnen und Sch\u00fclern den Unterricht gestaltet und so Leben in unsere Schulen gebracht haben.<\/p>\n<p style=\"text-align: justify;\">50 Jahre, in denen wir alle von vielen Ausbildungsbetrieben und den Kammern in der Arbeit und dem Lernen unterst\u00fctzt wurden.<\/p>\n<p style=\"text-align: justify;\">50 Jahre, in denen uns die Stadt D\u00fcsseldorf sowie die Bezirksregierung D\u00fcsseldorf bei der Gestaltung unseres Schulgeb\u00e4udes und unseres Schulalltags stets mit Rat und Tat zur Seite gestanden haben.<\/p>\n<p style=\"text-align: justify;\">Ein Grund, gemeinsam \u2013 mit einem gewissen Stolz &#8211; auf die vergangenen Jahre zur\u00fcckzublicken und mit allen Unterst\u00fctzern und den Kollegien Dank zu sagen und kr\u00e4ftig zu feiern. Moderiert wurde der Festakt von Herrn Kolitschus, im wirklichen Leben Lehrer am Walter-Eucken-Berufskolleg.<\/p>\n<p style=\"text-align: justify;\">Als Gastredner gaben Herr LMR Richard Stigulinsky aus dem Schulministerium, unsere Hauptdezernentin LRSD\u2018 Frau Martina Hornung, die die erkrankte schulfachliche Dezernentin LRSD\u2018 Gunhild Lehmkuhl vertrat, und OB Thomas Geisel, der\u00a0 kam, sobald er den Aquazoo wiederer\u00f6ffnet hatte, dem Tag eine festliche Note f\u00fcr die wir uns herzlich bedanken.<\/p>\n<p style=\"text-align: justify;\">Die Musik kam aus dem eigenen Haus: Herr Ferber vom Walter-Eucken-Berufskolleg begeisterte an der Gitarre. Regina Faber, Valentina Ismailovic und Chaymae El Jarrari aus der H\u00f6heren Handelsschule des Max-Weber-Berufskollegs\u00a0 intonierten a capella Songs von Beyonc\u00e9. Anne Florack und Christian Weniger (Auszubildender zum Verwaltungsfachangestellten am Max-Weber-Berufskolleg) lieferten ein begeisterndes Geburtstagsst\u00e4ndchen.<\/p>\n<p style=\"text-align: justify;\">Neben den Kolleginnen und Kollegen und vielen Sch\u00fclern feierten u.a. der stellvertretende Bildungsgesch\u00e4ftsf\u00fchrer der IHK D\u00fcsseldorf Norbert Woehlke, der Gesch\u00e4ftsf\u00fchrer der Steuerberaterkammer Herr Andreas Donath, Herr Dr. Kr\u00f6mer f\u00fcr die\u00a0 \u00c4rztekammer Nordrhein, Herr Dr. Heil f\u00fcr den Vorstand der Zahn\u00e4rztekammer sowie Herr Dr. Demski von der Patentanwaltskammer und viele weitere Vertreterinnen und Vertreter der Ausbildungsbetriebe mit.<\/p>\n<p style=\"text-align: justify;\">In einem Kurzfilm mit einem Kaleidoskop von Bildern der letzten 50 Jahre konnten sich neben Herrn Geisel die Mitglieder des Bundestages Frau Sylvia Pantel (CDU) und Andreas Rimkus (SPD) sowie die Ratsfrau Claudia Bednarski und die Vertreterin der Bezirksvertretung Frau Erika Worbs, Herr Gregor Nachtwey vom Referat Schule\/Beruf\/Kultur und Bildungsberatung, sowie die f\u00fcr die Schule zust\u00e4ndigen Mitarbeiter im Schulverwaltungsamt ein Bild von unserer Entwicklung machen.<\/p>\n<p style=\"text-align: justify;\">In den vergangenen 5 Jahrzehnten entstand ein komplexes kaufm\u00e4nnisches Bildungssystem, das jedes Jahr pro Schule rund 200 Vollzeitsch\u00fcler und ca. 1.400 Berufssch\u00fcler auf den D\u00fcsseldorfer Ausbildungs- und Arbeitsmarkt entl\u00e4sst. Die Schattenseiten bei der Gr\u00fcndung waren Raumnot und teilweise bis zu 4 Au\u00dfenstellen. Der Unterricht fand schichtweise am Vor- und am Nachmittag statt, verteilt \u00fcber das gesamte Stadtgebiet. Lehrer- und Schulraummangel waren so hoch, dass an der KII\u00a0 339 neu angemeldete Berufssch\u00fcler zun\u00e4chst \u00fcberhaupt nicht unterrichtet werden konnten. Vor diesem Hintergrund bildete der Neubau, den wir im Juli 1974 hier in der Suitbertusstra\u00dfe beziehen konnten, einen wichtigen Meilenstein in der Geschichte der damaligen Kaufm\u00e4nnischen Schule II und III, auch, wenn wir bis heute unter Raumnot leiden.<\/p>\n<p style=\"text-align: justify;\">Unserem \u00f6ffentlichen Bildungsauftrag, den wir neben der dualen Berufsausbildung wahrnehmen, werden wir in besonderem Ma\u00dfe gerecht, indem wir f\u00fcr knapp 800 Vollzeitsch\u00fclerinnen und Vollzeitsch\u00fcler neben dem Erwerb kaufm\u00e4nnischer Kenntnisse den Erwerb von Schulabschl\u00fcssen von der Fachoberschulreife bis zur allgemeinen Hochschulreife mit jeweils einer kaufm\u00e4nnischen Akzentuierung anbieten. Seit 2 Jahren engagieren wir uns\u00a0 auch in der Integration von Fl\u00fcchtlingen.<\/p>\n<p style=\"text-align: justify;\">Nicht zuf\u00e4lligerweise sind so viele Lebensl\u00e4ufe hier in und um D\u00fcsseldorf \u2013 vom Taxifahrer bis zum Unternehmer, Manager oder Politiker nachhaltig mit dem Max-Weber- und dem Walter-Eucken-Berufskolleg verbunden.<\/p>\n<p style=\"text-align: justify;\">Dies setzt eine intensive und konstruktive Zusammenarbeit mit unserer Schulaufsicht, den Zentren f\u00fcr schulpraktische Lehrerausbildung, den anderen Berufskollegs sowie den Zubringerschulen voraus, f\u00fcr die am Schulgeburtstag stellvertretend neben dem LMR f\u00fcr berufliche Bildung im MSB Herrn LMR Richard Stigulinsky und unserer Hauptdezernentin Frau Martina Hornung der Vorsitzende des Bezirkspersonalrats Herr Guido Gehre, Herr Va\u00dfen als Seminarleiter Berufskolleg im D\u00fcsseldorfer ZfsL, Herr Sebastian Deli\u00dfen von der Realschule Florastra\u00dfe sowie Frau Ingrid Fellmark von der Realschule Friedrichstadt als Kooperationspartner teilnahmen.<\/p>\n<p style=\"text-align: justify;\">Die heutigen Berufskollegs Max-Weber und Walter-Eucken verstehen sich als Dienstleister und Partner f\u00fcr kaufm\u00e4nnische Aus- und Weiterbildung f\u00fcr D\u00fcsseldorf. In den vergangenen 50 Jahren haben Schultr\u00e4ger, Lehr\u00adkr\u00e4f\u00adte, Ausbildungsbetriebe und weitere Partner gezeigt, dass sie den Struktur\u00adwandel und die Entwicklung bedarfsgerecht und effizient begleitet haben.<\/p>\n<p style=\"text-align: justify;\">Dies zeigt sich z.B. in der kontinuierlichen Anpassung des Ausbildungsangebots an die Bed\u00fcrfnisse der Ausbildenden, dem Ausbau der technischen Ausstattung der BKs und nicht zuletzt in der laufenden Renovierung unserer CF-Etage sowie des geplanten Anbaus und Neubaus zum Ersatz unserer Au\u00dfenstellen.<\/p>\n<p style=\"text-align: justify;\">Daf\u00fcr gilt unser gro\u00dfer Dank allen engagierten fr\u00fcheren und derzeitigen Lehrkr\u00e4ften und Sch\u00fclern sowie\u00a0 den Vertretern unserer Ausbildungsbetriebe sowie allen weiteren Pers\u00f6nlichkeiten und Institutionen, die unseren Schulen gewogen waren bzw. sind, die die Schulen \u00fcber das halbe Jahrzehnt gepr\u00e4gt haben und die sie mit hohem pers\u00f6nlichen Einsatz weiter entwickelt haben. Wir haben uns daher sehr gefreut, dass neben dem heutigen Kollegium der ehemalige langj\u00e4hrige Schulleiter des Walter-Eucken-Berufskollegs Herr Jacobs, sowie sein langj\u00e4hriger Stellvertreter Herr Butzke, der ehemalige Schulleiter des Max-Weber-Berufskollegs Herr Brumann sowie seine Stellvertreter, Herr Klose und Frau Christiane Gerhards, heute Dezernentin bei der BR D\u00fcsseldorf, gekommen sind.<\/p>\n<p style=\"text-align: justify;\">Vertreten waren auch die jeweiligen Sch\u00fclersprecher Herr Wiluda (WEBK) und Frau Berger (MWBK).<\/p>\n<p style=\"text-align: justify;\">Stellvertretend f\u00fcr unsere Partnerschulen und au\u00dferschulischen Partner nahmen u.a. die Vertreter unserer ausl\u00e4ndischen Partnerschulen, Antti Rovamo aus Finnland und Hans Cornielje von unseren holl\u00e4ndischen Partnern und die neuen polnischen Partner mit Direktor Redlinski und der stellvertretenden Direktorin Frau Mendak teil sowie Herr Tilmann von der Arbeitsagentur D\u00fcsseldorf und Herr Dr. Martin Fricke f\u00fcr den evangelischen Kirchenkreis und Frau Kenc f\u00fcr die katholische Kirche teil.<\/p>\n<p style=\"text-align: justify;\">Die ersten 50 Jahre waren ein guter Anfang und bilden ein verl\u00e4ssliches Fundament. Schulen leben und entwickeln sich aber nur weiter, wenn\u00a0\u00a0 sie von hochmotivierten und sehr leistungsstarken Kolleginnen und Kollegen sowie von einer engagierten Sch\u00fcler- und Elternschaft sowie aktiven Ausbildungsbetrieben vorangebracht werden.<\/p>\n<p style=\"text-align: justify;\">Der Dank der Schulleitungen galt daher den Kolleginnen und Kollegen aus dem p\u00e4dagogischen und Verwaltungsbereich, denn<\/p>\n<ul style=\"text-align: justify;\">\n<li>sie sind f\u00fcr unsere \u201eKunden\u201c da,<\/li>\n<li>sie verk\u00f6rpern in ihren Klassen und Bildungsg\u00e4ngen, aber auch im Schulb\u00fcro und in der Hausmeisterloge unsere Schule und<\/li>\n<li>sie erm\u00f6glichen eine lebendige und zeitgem\u00e4\u00dfe Bildungs- und Erziehungsarbeit.<\/li>\n<\/ul>\n<p style=\"text-align: justify;\">Alle Reden und besonders die Sch\u00fclerdarbietungen wurden mit st\u00fcrmischem Applaus begr\u00fc\u00dft. Der anschlie\u00dfende Sektempfang mit H\u00e4ppchen und vielen Gespr\u00e4chen bildete einen runden Abschluss dieses Festaktes zum Schulgeburtstag.<\/p>\n<p style=\"text-align: justify;\">Hei\u00df begehrt waren auch die Lose aus der Tombola, die die Klasse B5216 (Oberstufe, Kaufmann\/-frau f\u00fcr B\u00fcromanagement) f\u00fcr den Schulgeburtstag organisiert hatte. Sie hatten sich nicht nur Gedanken gemacht und tolle Preis organisiert, sondern auch flei\u00dfig f\u00fcr den Verkauf der Lose geworben. Nach einigen Wochen der Vorbereitung konnten sich so die gl\u00fccklichen Gewinner an einer Vielzahl von Preisen, die von unseren Ausbildungsbetrieben dankenswerterweise gespendet worden waren, erfreuen. So gab es z.B. eine Teemaschine der Marke Teekanne, Taschen von innofakt, Shampoo von Henkel und Becher von SMS Siemag sowie eine Vielzahl kleinerer Gewinne. Wir danken daf\u00fcr allen Betrieben, die uns unterst\u00fctzt haben.<\/p>\n<p style=\"text-align: justify;\">Der Erl\u00f6s der Tombola floss einem guten Zweck zu.<\/p>\n<p style=\"text-align: justify;\">Nachdem alle H\u00e4ppchen gegessen sowie der gigantische Gouda, den die holl\u00e4ndischen G\u00e4ste mitgebracht hatten, verteilt war, gab es f\u00fcr die ausl\u00e4ndischen G\u00e4ste im Anschluss noch eine Panoramafahrt auf dem Rhein, um bei sonnigem Wetter die Stadtkulisse zu genie\u00dfen.<\/p>\n<p>&nbsp;<\/p>\n<p>Sabine von Zedlitz<\/p>\n<p class=\"jetpack-slideshow-noscript robots-nocontent\">Diese Diashow ben\u00f6tigt JavaScript.<\/p><div id=\"gallery-2375-1-slideshow\" class=\"jetpack-slideshow-window jetpack-slideshow jetpack-slideshow-black\" data-trans=\"fade\" data-autostart=\"1\" data-gallery=\"[{&quot;src&quot;:&quot;https:\\\/\\\/i0.wp.com\\\/www.max-weber-berufskolleg.de\\\/web\\\/wp-content\\\/uploads\\\/2017\\\/11\\\/IMG_1628.jpg?fit=1024%2C683\\u0026ssl=1&quot;,&quot;id&quot;:&quot;2977&quot;,&quot;title&quot;:&quot;IMG_1628&quot;,&quot;alt&quot;:&quot;&quot;,&quot;caption&quot;:&quot;Die Schulleiterinnen&quot;,&quot;itemprop&quot;:&quot;image&quot;},{&quot;src&quot;:&quot;https:\\\/\\\/i0.wp.com\\\/www.max-weber-berufskolleg.de\\\/web\\\/wp-content\\\/uploads\\\/2017\\\/11\\\/DSC_9549.jpg?fit=1024%2C678\\u0026ssl=1&quot;,&quot;id&quot;:&quot;2966&quot;,&quot;title&quot;:&quot;DSC_9549&quot;,&quot;alt&quot;:&quot;&quot;,&quot;caption&quot;:&quot;Frau von Zedlitz mit OB Geisel&quot;,&quot;itemprop&quot;:&quot;image&quot;},{&quot;src&quot;:&quot;https:\\\/\\\/i0.wp.com\\\/www.max-weber-berufskolleg.de\\\/web\\\/wp-content\\\/uploads\\\/2017\\\/11\\\/Collage-Schulgeburtstag-klein.jpg?fit=446%2C445\\u0026ssl=1&quot;,&quot;id&quot;:&quot;2964&quot;,&quot;title&quot;:&quot;Collage Schulgeburtstag-klein&quot;,&quot;alt&quot;:&quot;&quot;,&quot;caption&quot;:&quot;50 Jahre !&quot;,&quot;itemprop&quot;:&quot;image&quot;},{&quot;src&quot;:&quot;https:\\\/\\\/i0.wp.com\\\/www.max-weber-berufskolleg.de\\\/web\\\/wp-content\\\/uploads\\\/2017\\\/11\\\/IMG_1376.jpg?fit=1024%2C683\\u0026ssl=1&quot;,&quot;id&quot;:&quot;2975&quot;,&quot;title&quot;:&quot;IMG_1376&quot;,&quot;alt&quot;:&quot;&quot;,&quot;caption&quot;:&quot;Musik: Herr Ferber&quot;,&quot;itemprop&quot;:&quot;image&quot;},{&quot;src&quot;:&quot;https:\\\/\\\/i0.wp.com\\\/www.max-weber-berufskolleg.de\\\/web\\\/wp-content\\\/uploads\\\/2017\\\/11\\\/IMG_1276.jpg?fit=1024%2C683\\u0026ssl=1&quot;,&quot;id&quot;:&quot;2971&quot;,&quot;title&quot;:&quot;IMG_1276&quot;,&quot;alt&quot;:&quot;&quot;,&quot;caption&quot;:&quot;Musik: Herr Ferber&quot;,&quot;itemprop&quot;:&quot;image&quot;},{&quot;src&quot;:&quot;https:\\\/\\\/i0.wp.com\\\/www.max-weber-berufskolleg.de\\\/web\\\/wp-content\\\/uploads\\\/2017\\\/11\\\/DSC_9543.jpg?fit=1024%2C678\\u0026ssl=1&quot;,&quot;id&quot;:&quot;2965&quot;,&quot;title&quot;:&quot;DSC_9543&quot;,&quot;alt&quot;:&quot;&quot;,&quot;caption&quot;:&quot;Aufmerksame G\\u00e4ste&quot;,&quot;itemprop&quot;:&quot;image&quot;},{&quot;src&quot;:&quot;https:\\\/\\\/i0.wp.com\\\/www.max-weber-berufskolleg.de\\\/web\\\/wp-content\\\/uploads\\\/2017\\\/11\\\/DSC_9625.jpg?fit=1024%2C678\\u0026ssl=1&quot;,&quot;id&quot;:&quot;2970&quot;,&quot;title&quot;:&quot;DSC_9625&quot;,&quot;alt&quot;:&quot;&quot;,&quot;caption&quot;:&quot;\\u0026#8230; lecker&quot;,&quot;itemprop&quot;:&quot;image&quot;},{&quot;src&quot;:&quot;https:\\\/\\\/i0.wp.com\\\/www.max-weber-berufskolleg.de\\\/web\\\/wp-content\\\/uploads\\\/2017\\\/11\\\/DSC_9556.jpg?fit=1024%2C761\\u0026ssl=1&quot;,&quot;id&quot;:&quot;2967&quot;,&quot;title&quot;:&quot;DSC_9556&quot;,&quot;alt&quot;:&quot;&quot;,&quot;caption&quot;:&quot;Musik: H\\u00f6here Handelsschule&quot;,&quot;itemprop&quot;:&quot;image&quot;},{&quot;src&quot;:&quot;https:\\\/\\\/i0.wp.com\\\/www.max-weber-berufskolleg.de\\\/web\\\/wp-content\\\/uploads\\\/2017\\\/11\\\/IMG_1443.jpg?fit=1024%2C683\\u0026ssl=1&quot;,&quot;id&quot;:&quot;2976&quot;,&quot;title&quot;:&quot;IMG_1443&quot;,&quot;alt&quot;:&quot;&quot;,&quot;caption&quot;:&quot;Dezernentin Frau Hornung&quot;,&quot;itemprop&quot;:&quot;image&quot;}]\" itemscope itemtype=\"https:\/\/schema.org\/ImageGallery\"><\/div>\n<p>&nbsp;<\/p>\n<p>&nbsp;<\/p>\n<p>&nbsp;<\/p>\n<p>&nbsp;<\/p>\n<p>&nbsp;<\/p>\n<p>&nbsp;<\/p>\n<p>&nbsp;<\/p>\n<div class=\"twoclick_social_bookmarks_post_2375 social_share_privacy clearfix 1.6.4 locale-de_DE sprite-de_DE\"><\/div><div class=\"twoclick-js\"><script type=\"text\/javascript\">\/* <![CDATA[ *\/\njQuery(document).ready(function($){if($('.twoclick_social_bookmarks_post_2375')){$('.twoclick_social_bookmarks_post_2375').socialSharePrivacy({\"services\":{\"facebook\":{\"status\":\"on\",\"txt_info\":\"2 Klicks f\\u00fcr mehr Datenschutz: Erst wenn Sie hier klicken, wird der Button aktiv und Sie k\\u00f6nnen Ihre Empfehlung an Facebook senden. Schon beim Aktivieren werden Daten an Dritte \\u00fcbertragen - siehe <em>i<\\\/em>.\",\"perma_option\":\"off\",\"action\":\"recommend\",\"language\":\"de_DE\"},\"twitter\":{\"reply_to\":\"\",\"tweet_text\":\"%20Jubil%C3%A4um%20%E2%80%93%20Das%20Max-Weber-Berufskolleg%20wurde%2050%20Jahre%20jung%21%20%C2%BB%20MWBK%20...\",\"status\":\"on\",\"txt_info\":\"2 Klicks f\\u00fcr mehr Datenschutz: Erst wenn Sie hier klicken, wird der Button aktiv und Sie k\\u00f6nnen Ihre Empfehlung an Twitter senden. Schon beim Aktivieren werden Daten an Dritte \\u00fcbertragen - siehe <em>i<\\\/em>.\",\"perma_option\":\"off\",\"language\":\"de\",\"referrer_track\":\"\"}},\"txt_help\":\"Wenn Sie diese Felder durch einen Klick aktivieren, werden Informationen an Facebook, Twitter, Flattr, Xing, t3n, LinkedIn, Pinterest oder Google eventuell ins Ausland \\u00fcbertragen und unter Umst\\u00e4nden auch dort gespeichert. N\\u00e4heres erfahren Sie durch einen Klick auf das <em>i<\\\/em>.\",\"settings_perma\":\"Dauerhaft aktivieren und Daten\\u00fcber-tragung zustimmen:\",\"info_link\":\"http:\\\/\\\/www.heise.de\\\/ct\\\/artikel\\\/2-Klicks-fuer-mehr-Datenschutz-1333879.html\",\"uri\":\"https:\\\/\\\/www.max-weber-berufskolleg.de\\\/web\\\/allgemeine-schulinfos\\\/jubilaeum\\\/\",\"post_id\":2375,\"post_title_referrer_track\":\"Jubil%C3%A4um+%26%238211%3B+Das+Max-Weber-Berufskolleg+wurde+50+Jahre+jung%21\",\"display_infobox\":\"on\"});}});\n\/* ]]> *\/<\/script><\/div>","protected":false},"excerpt":{"rendered":"<p>Max-Weber- und Walter-Eucken-Berufskolleg feiern 50. Geburtstag 250 G\u00e4ste kamen zum Festakt Im Februar 1967 besuchten \u00fcber 7.000 Sch\u00fcler die damit gr\u00f6\u00dfte kaufm\u00e4nnische Schule in Nordrhein-Westfalen. Da bei dieser Sch\u00fclerzahl eine vern\u00fcnftige Steuerung unm\u00f6glich war, beschloss der Rat der Stadt die Trennung der Schulen. So entstanden im Herbst 1967 die Kaufm\u00e4nnische Schule II mit 2.591 Sch\u00fclern, &#8230;<a class=\"post-readmore\" href=\"https:\/\/www.max-weber-berufskolleg.de\/web\/allgemeine-schulinfos\/jubilaeum\/\">read more<\/a><\/p>\n","protected":false},"author":9,"featured_media":2964,"parent":23,"menu_order":0,"comment_status":"closed","ping_status":"closed","template":"","meta":{"jetpack_post_was_ever_published":false,"footnotes":"","_expiration-date-status":"saved","_expiration-date":0,"_expiration-date-type":"","_expiration-date-categories":[],"_expiration-date-options":[]},"class_list":["post-2375","page","type-page","status-publish","has-post-thumbnail","hentry"],"jetpack-related-posts":[{"id":33,"url":"https:\/\/www.max-weber-berufskolleg.de\/web\/allgemeine-schulinfos\/geschichte\/","url_meta":{"origin":2375,"position":0},"title":"Geschichte","date":"1. Dezember 2013","format":false,"excerpt":"Das Max-Weber-Berufskolleg konnte zusammen mit den anderen Berufsbildenden Schulen D\u00fcsseldorfs im Jahre 2003 das 100-j\u00e4hrige Bestehen des D\u00fcsseldorfer Berufsschulwesens feiern. Die historischen Wurzeln der Schule liegen in der Sonntagsschule von 1838 (Vermittlung von Berufskenntnissen f\u00fcr schulentlassene Jugendliche), vor allem aber in der obligatorischen Fortbildungsschule von 1902 (zwei-, sp\u00e4ter dreij\u00e4hrige Pflichtschule\u2026","rel":"","context":"\u00c4hnlicher Beitrag","img":{"alt_text":"","src":"","width":0,"height":0},"classes":[]},{"id":2160,"url":"https:\/\/www.max-weber-berufskolleg.de\/web\/praktikum-fuer-auslaendische-praktikanten\/","url_meta":{"origin":2375,"position":1},"title":"Praktikum f\u00fcr ausl\u00e4ndische Praktikanten","date":"15. Januar 2017","format":false,"excerpt":"Durch finanzielle F\u00f6rderung der Europ\u00e4ischen Kommission k\u00f6nnen seit 30 Jahren Studenten, Auszubildende und Sch\u00fcler einen Auslandsaufenthalt im europ\u00e4ischen Ausland bezuschussen lassen. Der finanzielle Aspekt ist ein wichtiger Faktor. Aber ohne einen Praktikumsplatz im Ausland ist ein sinnvoller Auslandsaufenthalt f\u00fcr die jungen Leute nicht m\u00f6glich. Als Europaschule ist das Max-Weber-Berufskolleg mit\u2026","rel":"","context":"\u00c4hnlicher Beitrag","img":{"alt_text":"","src":"","width":0,"height":0},"classes":[]},{"id":6157,"url":"https:\/\/www.max-weber-berufskolleg.de\/web\/zq-etwinnig\/","url_meta":{"origin":2375,"position":2},"title":"ZQ eTwinnig","date":"7. Februar 2021","format":false,"excerpt":"F\u00fcr Bildungsg\u00e4nge: \u00a0Vollzeit (H\u00f6here Handelsschule; FOS11\/12) und Teilzeit (Berufsschule) Dauer: \u00a0unterrichtsbegleitend Pr\u00fcfung: \u00a0laufende Projektarbeiten Ansprechpartner: Herr Donder (zusatzquali@mwbk.nrw.schule) Das EU-Programm eTwinning verbindet Schulen und vorschulische Einrichtungen in Europa. Die Zusammenarbeit der Sch\u00fclerinnen und Sch\u00fcler mit ihren Partnern findet im virtuellen Klassenraum TwinSpace statt. Mithilfe von Werkzeugen zur kollaborativen Arbeit, wie\u2026","rel":"","context":"\u00c4hnlicher Beitrag","img":{"alt_text":"","src":"https:\/\/i0.wp.com\/www.max-weber-berufskolleg.de\/web\/wp-content\/uploads\/2025\/04\/etwinning-2526.png?resize=350%2C200&ssl=1","width":350,"height":200},"classes":[]},{"id":2477,"url":"https:\/\/www.max-weber-berufskolleg.de\/web\/zq-kmk-zertifikat-englisch\/","url_meta":{"origin":2375,"position":3},"title":"ZQ KMK Zertifikat Englisch","date":"15. Mai 2017","format":false,"excerpt":"F\u00fcr Bildungsg\u00e4nge: Alle Berufsschulbildungsg\u00e4nge Dauer: Vorbereitung durch Besuch des Englischunterrichts (2 Jahre) Pr\u00fcfung: Zweimal j\u00e4hrlich im Haus Ansprechpartner: Martina Rohlfing (zusatzquali@mwbk.nrw.schule) Das KMK-Fremdsprachenzertifikat ist ein bundesweit einheitlich geregeltes Zertifikat zum Nachweis berufsbezogener Fremdsprachenkenntnisse. Sch\u00fclerinnen und Sch\u00fcler berufsbildender Schulen k\u00f6nnen es nach erfolgreichem Ablegen einer speziellen Fremdsprachenpr\u00fcfung erwerben und somit eine\u2026","rel":"","context":"\u00c4hnlicher Beitrag","img":{"alt_text":"","src":"","width":0,"height":0},"classes":[]},{"id":136,"url":"https:\/\/www.max-weber-berufskolleg.de\/web\/bildungsangebot\/berufsschule\/industriekaufleute\/","url_meta":{"origin":2375,"position":4},"title":"Industriekaufleute","date":"5. Dezember 2013","format":false,"excerpt":"Beruf Kaufm\u00e4nnische T\u00e4tigkeiten in Industrieunternehmen Schnittstelle zwischen verschiedenen Abteilungen (z.B. Einkauf, Vertrieb, Rechnungswesen) Ausbildungsdauer 3 Jahre (duale Ausbildung: Theorie an Schulen, Praxis im Betrieb) Verk\u00fcrzung m\u00f6glich \u00a0 Besonderheiten am MWBK Ausschlie\u00dflich im 13-Wochen-Block-Modell als siA-Klasse Unterstufe im letzten Drittel, Mittelstufe im mittleren Drittel und die Oberstufe im ersten Drittel eines\u2026","rel":"","context":"\u00c4hnlicher Beitrag","img":{"alt_text":"","src":"","width":0,"height":0},"classes":[]},{"id":134,"url":"https:\/\/www.max-weber-berufskolleg.de\/web\/bildungsangebot\/berufsschule\/buerokraefte\/","url_meta":{"origin":2375,"position":5},"title":"Fachpraktiker\/in f\u00fcr B\u00fcromanagement","date":"5. Dezember 2013","format":false,"excerpt":"Berufsbild Der Ausbildungsberuf Fachpraktiker\/Fachpraktikerin f\u00fcr B\u00fcromanagement ist eine Ausbildung f\u00fcr Menschen mit Behinderung (Reha-Ausbildung) nach \u00a7 66 des Berufsbildungsgesetzes (BBiG) und \u00a7 42r des Gesetzes zur Ordnung des Handwerks (HwO) und wird von der jeweils zust\u00e4ndigen Agentur f\u00fcr Arbeit finanziert. Die Lernenden werden bei Bildungstr\u00e4gern ausgebildet. Das Max-Weber-Berufskolleg pflegt eine\u2026","rel":"","context":"\u00c4hnlicher Beitrag","img":{"alt_text":"","src":"","width":0,"height":0},"classes":[]}],"jetpack_sharing_enabled":true,"_links":{"self":[{"href":"https:\/\/www.max-weber-berufskolleg.de\/web\/wp-json\/wp\/v2\/pages\/2375","targetHints":{"allow":["GET"]}}],"collection":[{"href":"https:\/\/www.max-weber-berufskolleg.de\/web\/wp-json\/wp\/v2\/pages"}],"about":[{"href":"https:\/\/www.max-weber-berufskolleg.de\/web\/wp-json\/wp\/v2\/types\/page"}],"author":[{"embeddable":true,"href":"https:\/\/www.max-weber-berufskolleg.de\/web\/wp-json\/wp\/v2\/users\/9"}],"replies":[{"embeddable":true,"href":"https:\/\/www.max-weber-berufskolleg.de\/web\/wp-json\/wp\/v2\/comments?post=2375"}],"version-history":[{"count":18,"href":"https:\/\/www.max-weber-berufskolleg.de\/web\/wp-json\/wp\/v2\/pages\/2375\/revisions"}],"predecessor-version":[{"id":2979,"href":"https:\/\/www.max-weber-berufskolleg.de\/web\/wp-json\/wp\/v2\/pages\/2375\/revisions\/2979"}],"up":[{"embeddable":true,"href":"https:\/\/www.max-weber-berufskolleg.de\/web\/wp-json\/wp\/v2\/pages\/23"}],"wp:featuredmedia":[{"embeddable":true,"href":"https:\/\/www.max-weber-berufskolleg.de\/web\/wp-json\/wp\/v2\/media\/2964"}],"wp:attachment":[{"href":"https:\/\/www.max-weber-berufskolleg.de\/web\/wp-json\/wp\/v2\/media?parent=2375"}],"curies":[{"name":"wp","href":"https:\/\/api.w.org\/{rel}","templated":true}]}}