{"id":447,"date":"2014-05-14T16:07:48","date_gmt":"2014-05-14T15:07:48","guid":{"rendered":"http:\/\/www.max-weber-berufskolleg.de\/web\/?page_id=447"},"modified":"2025-10-31T08:53:21","modified_gmt":"2025-10-31T07:53:21","slug":"anmeldung","status":"publish","type":"page","link":"https:\/\/www.max-weber-berufskolleg.de\/web\/anmeldung\/","title":{"rendered":"Anmeldung"},"content":{"rendered":"<p>Herzlich Willkommen am Max-Weber-Berufskolleg.<\/p>\n<p>&nbsp;<\/p>\n<p>&nbsp;<\/p>\n<p><img loading=\"lazy\" decoding=\"async\" data-attachment-id=\"9359\" data-permalink=\"https:\/\/www.max-weber-berufskolleg.de\/web\/anmeldung\/anmeldung-2\/\" data-orig-file=\"https:\/\/i0.wp.com\/www.max-weber-berufskolleg.de\/web\/wp-content\/uploads\/2025\/10\/Anmeldung.jpg?fit=553%2C365&amp;ssl=1\" data-orig-size=\"553,365\" data-comments-opened=\"0\" data-image-meta=\"{&quot;aperture&quot;:&quot;0&quot;,&quot;credit&quot;:&quot;&quot;,&quot;camera&quot;:&quot;&quot;,&quot;caption&quot;:&quot;&quot;,&quot;created_timestamp&quot;:&quot;0&quot;,&quot;copyright&quot;:&quot;&quot;,&quot;focal_length&quot;:&quot;0&quot;,&quot;iso&quot;:&quot;0&quot;,&quot;shutter_speed&quot;:&quot;0&quot;,&quot;title&quot;:&quot;&quot;,&quot;orientation&quot;:&quot;0&quot;}\" data-image-title=\"Anmeldung\" data-image-description=\"\" data-image-caption=\"\" data-medium-file=\"https:\/\/i0.wp.com\/www.max-weber-berufskolleg.de\/web\/wp-content\/uploads\/2025\/10\/Anmeldung.jpg?fit=300%2C198&amp;ssl=1\" data-large-file=\"https:\/\/i0.wp.com\/www.max-weber-berufskolleg.de\/web\/wp-content\/uploads\/2025\/10\/Anmeldung.jpg?fit=553%2C365&amp;ssl=1\" class=\"aligncenter wp-image-9359 size-full\" src=\"https:\/\/i0.wp.com\/www.max-weber-berufskolleg.de\/web\/wp-content\/uploads\/2025\/10\/Anmeldung.jpg?resize=553%2C365&#038;ssl=1\" alt=\"\" width=\"553\" height=\"365\" srcset=\"https:\/\/i0.wp.com\/www.max-weber-berufskolleg.de\/web\/wp-content\/uploads\/2025\/10\/Anmeldung.jpg?w=553&amp;ssl=1 553w, https:\/\/i0.wp.com\/www.max-weber-berufskolleg.de\/web\/wp-content\/uploads\/2025\/10\/Anmeldung.jpg?resize=300%2C198&amp;ssl=1 300w\" sizes=\"auto, (max-width: 553px) 100vw, 553px\" data-recalc-dims=\"1\" \/><\/p>\n<p>Falls Sie sich f\u00fcr eine Anmeldung interessieren, klicken Sie unten auf den gew\u00fcnschten Bereich.<\/p>\n<ul>\n<li><a href=\"https:\/\/www.max-weber-berufskolleg.de\/web\/berufsschule\/\">Berufsschule<\/a><\/li>\n<li><a href=\"https:\/\/www.max-weber-berufskolleg.de\/web\/fachoberschule-polizei\/\">Fachoberschule Polizei<\/a><\/li>\n<li><a href=\"https:\/\/www.max-weber-berufskolleg.de\/web\/fachoberschule-11-12\/\">Fachoberschule 11\/12<\/a><\/li>\n<li><a href=\"https:\/\/www.max-weber-berufskolleg.de\/web\/hoehere-handelsschule\/\">H\u00f6here Handelsschule<\/a><\/li>\n<li><a href=\"https:\/\/www.max-weber-berufskolleg.de\/web\/fachoberschule-12b-fos-12b\/\">Fachoberschule 12B (FOS 12B)<\/a><\/li>\n<li><a href=\"https:\/\/www.max-weber-berufskolleg.de\/web\/fachoberschule-13-fos-13\/\">Fachoberschule 13 (FOS 13)<\/a><\/li>\n<li><a href=\"https:\/\/www.max-weber-berufskolleg.de\/web\/fachschule-fuer-wirtschaft-2\/\">Fachschule f\u00fcr Wirtschaft<\/a><\/li>\n<li><a href=\"https:\/\/www.max-weber-berufskolleg.de\/web\/fit-fuer-mehr-ffm-internationale-foerderklasse-ifk\/\">Fit f\u00fcr Mehr (FFM) &amp; Internationale F\u00f6rderklasse (IFK)<\/a><\/li>\n<li><a href=\"https:\/\/www.max-weber-berufskolleg.de\/web\/handelsschule-fuer-fluechtlinge-2\/\">Handelsschule f\u00fcr Gefl\u00fcchtete<\/a><\/li>\n<\/ul>\n<div class=\"twoclick_social_bookmarks_post_447 social_share_privacy clearfix 1.6.4 locale-de_DE sprite-de_DE\"><\/div><div class=\"twoclick-js\"><script type=\"text\/javascript\">\/* <![CDATA[ *\/\njQuery(document).ready(function($){if($('.twoclick_social_bookmarks_post_447')){$('.twoclick_social_bookmarks_post_447').socialSharePrivacy({\"services\":{\"facebook\":{\"status\":\"on\",\"txt_info\":\"2 Klicks f\\u00fcr mehr Datenschutz: Erst wenn Sie hier klicken, wird der Button aktiv und Sie k\\u00f6nnen Ihre Empfehlung an Facebook senden. Schon beim Aktivieren werden Daten an Dritte \\u00fcbertragen - siehe <em>i<\\\/em>.\",\"perma_option\":\"off\",\"action\":\"recommend\",\"language\":\"de_DE\"},\"twitter\":{\"reply_to\":\"\",\"tweet_text\":\"Anmeldung%20%C2%BB%20MWBK%20D%C3%BCsseldorf\",\"status\":\"on\",\"txt_info\":\"2 Klicks f\\u00fcr mehr Datenschutz: Erst wenn Sie hier klicken, wird der Button aktiv und Sie k\\u00f6nnen Ihre Empfehlung an Twitter senden. Schon beim Aktivieren werden Daten an Dritte \\u00fcbertragen - siehe <em>i<\\\/em>.\",\"perma_option\":\"off\",\"language\":\"de\",\"referrer_track\":\"\"}},\"txt_help\":\"Wenn Sie diese Felder durch einen Klick aktivieren, werden Informationen an Facebook, Twitter, Flattr, Xing, t3n, LinkedIn, Pinterest oder Google eventuell ins Ausland \\u00fcbertragen und unter Umst\\u00e4nden auch dort gespeichert. N\\u00e4heres erfahren Sie durch einen Klick auf das <em>i<\\\/em>.\",\"settings_perma\":\"Dauerhaft aktivieren und Daten\\u00fcber-tragung zustimmen:\",\"info_link\":\"http:\\\/\\\/www.heise.de\\\/ct\\\/artikel\\\/2-Klicks-fuer-mehr-Datenschutz-1333879.html\",\"uri\":\"https:\\\/\\\/www.max-weber-berufskolleg.de\\\/web\\\/anmeldung\\\/\",\"post_id\":447,\"post_title_referrer_track\":\"Anmeldung\",\"display_infobox\":\"on\"});}});\n\/* ]]> *\/<\/script><\/div>","protected":false},"excerpt":{"rendered":"<p>Herzlich Willkommen am Max-Weber-Berufskolleg. &nbsp; &nbsp; Falls Sie sich f\u00fcr eine Anmeldung interessieren, klicken Sie unten auf den gew\u00fcnschten Bereich. Berufsschule Fachoberschule Polizei Fachoberschule 11\/12 H\u00f6here Handelsschule Fachoberschule 12B (FOS 12B) Fachoberschule 13 (FOS 13) Fachschule f\u00fcr Wirtschaft Fit f\u00fcr Mehr (FFM) &amp; Internationale F\u00f6rderklasse (IFK) Handelsschule f\u00fcr Gefl\u00fcchtete<\/p>\n","protected":false},"author":9,"featured_media":0,"parent":0,"menu_order":1,"comment_status":"closed","ping_status":"open","template":"","meta":{"jetpack_post_was_ever_published":false,"footnotes":"","_expiration-date-status":"","_expiration-date":0,"_expiration-date-type":"","_expiration-date-categories":[],"_expiration-date-options":[]},"class_list":["post-447","page","type-page","status-publish","hentry"],"jetpack-related-posts":[{"id":7671,"url":"https:\/\/www.max-weber-berufskolleg.de\/web\/fachoberschule\/","url_meta":{"origin":447,"position":0},"title":"Fachoberschule","date":"29. November 2022","format":false,"excerpt":"Hier finden Sie Informationen rund um das Thema Anmeldung f\u00fcr folgende Bildungsg\u00e4nge: Fachoberschule Polizei Fachoberschule 11\/12 Fachoberschule 12B (FOS 12B) Fachoberschule 13 (FOS 13)","rel":"","context":"\u00c4hnlicher Beitrag","img":{"alt_text":"","src":"","width":0,"height":0},"classes":[]},{"id":7587,"url":"https:\/\/www.max-weber-berufskolleg.de\/web\/fachoberschule-12b-fos-12b\/","url_meta":{"origin":447,"position":1},"title":"Fachoberschule 12B (FOS 12B)","date":"14. November 2022","format":false,"excerpt":"Die Anmeldung f\u00fcr das Schuljahr 2026\/27 startet am 06.02.2026 Schritt Zeitraum \/ Termin Was ist wichtig? Link\/Tool 1.\u00a0\u00a0 Schritt Anmeldung Bis 10.07.2026 Nachweis zus\u00e4tzlicher Voraussetzungen erforderlich (siehe Homepage) oder FOS12b@mwbk.nrw.schule \ud83d\udccc Infos FOS 12B, Link zur Anmeldung: https:\/\/pedav-online.de\/osa\/app.php?schulid=bk _max_weber_bk_vollzeit 2.\u00a0\u00a0 Schritt Zusage nach Pr\u00fcfung der Unterlagen, zeitnah nach Bewerbung zeitnah\u2026","rel":"","context":"\u00c4hnlicher Beitrag","img":{"alt_text":"","src":"","width":0,"height":0},"classes":[]},{"id":175,"url":"https:\/\/www.max-weber-berufskolleg.de\/web\/bildungsangebot\/fachoberschule\/fachoberschule-12\/","url_meta":{"origin":447,"position":2},"title":"Fachoberschule 12 b","date":"18. Dezember 2013","format":false,"excerpt":"Fachoberschule 12B \u2013 In einem Jahr zum Fachabitur!\u00a0 Sie m\u00f6chten zu uns? Super! Wir freuen uns auf SIE! \u00a0 Hier erfahren Sie, wie es geht:\u00a0 \u00a0 \u2705 Was brauchen Sie?\u00a0 mittlerer Schulabschluss (Fachoberschulreife) \u2022 Eine abgeschlossene Berufsausbildung im Berufsfeld Wirtschaft und Verwaltung \u00a0 Nachweise \u00fcber den mittleren Schulabschluss:\u00a0 Abschluss der\u2026","rel":"","context":"\u00c4hnlicher Beitrag","img":{"alt_text":"","src":"","width":0,"height":0},"classes":[]},{"id":177,"url":"https:\/\/www.max-weber-berufskolleg.de\/web\/bildungsangebot\/fachoberschule\/fachoberschule-13\/","url_meta":{"origin":447,"position":3},"title":"Fachoberschule 13","date":"18. Dezember 2013","format":false,"excerpt":"Fachoberschule 13 \u2013 Ihr Weg zur Allgemeinen Hochschulreife\u00a0 Sie m\u00f6chten Ihr Wissen erweitern und die Allgemeine Hochschulreife erwerben? Super \u2013 wir freuen uns auf SIE! Hier erfahren Sie, wie es geht:\u00a0 \u00a0 \u2705 Was brauchen Sie?\u00a0 Die Fachhochschulreife \u2022 Eine erfolgreich abgeschlossene Berufsausbildung nach Bundes- oder Landesrecht Nachweise \u00fcber die\u2026","rel":"","context":"\u00c4hnlicher Beitrag","img":{"alt_text":"","src":"","width":0,"height":0},"classes":[]},{"id":7615,"url":"https:\/\/www.max-weber-berufskolleg.de\/web\/anmeldung-backup\/","url_meta":{"origin":447,"position":4},"title":"Anmeldung (Backup)","date":"15. November 2022","format":false,"excerpt":"Die gesetzliche Grundlage f\u00fcr die Datenerhebung bei der Anmeldung und deren Weiterverarbeitung finden Sie hier. \u00a0 Auf Wunsch des Schultr\u00e4gers werden wir f\u00fcr die Anmeldungen zum Schuljahr 2023\/24 im Januar auf das Anmeldeportal Sch\u00fcler online wechseln. \u00a0 Daraus ergeben sich dann Ver\u00e4nderungen in der Anmeldung \u00fcber die wir Sie ab\u2026","rel":"","context":"\u00c4hnlicher Beitrag","img":{"alt_text":"","src":"","width":0,"height":0},"classes":[]},{"id":7589,"url":"https:\/\/www.max-weber-berufskolleg.de\/web\/fachoberschule-13-fos-13\/","url_meta":{"origin":447,"position":5},"title":"Fachoberschule 13 (FOS 13)","date":"14. November 2022","format":false,"excerpt":"Die Anmeldung f\u00fcr das Schuljahr 2026\/27 startet am 06.02.2026 Schritt Zeitraum \/ Termin Was ist wichtig? Link\/Tool 1.\u00a0\u00a0 Schritt Anmeldung Bis 10.07.2026 Nachweis zus\u00e4tzlicher Voraussetzungen erforderlich (siehe Homepage) oder FOS13@mwbk.nrw.schule \ud83d\udccc Infos FOS 13, Link zur Anmeldung: https:\/\/pedav-online.de\/osa\/app.php?schulid=bk _max_weber_bk_vollzeit 2.\u00a0\u00a0 Schritt Zusage nach Pr\u00fcfung der Unterlagen, zeitnah nach Bewerbung zeitnah\u2026","rel":"","context":"\u00c4hnlicher Beitrag","img":{"alt_text":"","src":"","width":0,"height":0},"classes":[]}],"jetpack_sharing_enabled":true,"_links":{"self":[{"href":"https:\/\/www.max-weber-berufskolleg.de\/web\/wp-json\/wp\/v2\/pages\/447","targetHints":{"allow":["GET"]}}],"collection":[{"href":"https:\/\/www.max-weber-berufskolleg.de\/web\/wp-json\/wp\/v2\/pages"}],"about":[{"href":"https:\/\/www.max-weber-berufskolleg.de\/web\/wp-json\/wp\/v2\/types\/page"}],"author":[{"embeddable":true,"href":"https:\/\/www.max-weber-berufskolleg.de\/web\/wp-json\/wp\/v2\/users\/9"}],"replies":[{"embeddable":true,"href":"https:\/\/www.max-weber-berufskolleg.de\/web\/wp-json\/wp\/v2\/comments?post=447"}],"version-history":[{"count":208,"href":"https:\/\/www.max-weber-berufskolleg.de\/web\/wp-json\/wp\/v2\/pages\/447\/revisions"}],"predecessor-version":[{"id":9360,"href":"https:\/\/www.max-weber-berufskolleg.de\/web\/wp-json\/wp\/v2\/pages\/447\/revisions\/9360"}],"wp:attachment":[{"href":"https:\/\/www.max-weber-berufskolleg.de\/web\/wp-json\/wp\/v2\/media?parent=447"}],"curies":[{"name":"wp","href":"https:\/\/api.w.org\/{rel}","templated":true}]}}