{"id":6588,"date":"2021-08-07T15:01:57","date_gmt":"2021-08-07T13:01:57","guid":{"rendered":"https:\/\/www.max-weber-berufskolleg.de\/web\/?page_id=6588"},"modified":"2023-12-13T10:18:15","modified_gmt":"2023-12-13T09:18:15","slug":"corona-infos-und-formulare","status":"publish","type":"page","link":"https:\/\/www.max-weber-berufskolleg.de\/web\/corona-infos-und-formulare\/","title":{"rendered":"Infos und Formulare"},"content":{"rendered":"<p>Neben dieser Seite finden Sie im Men\u00fc rechts aktuelle Infos und Formulare.<\/p>\n<div class=\"twoclick_social_bookmarks_post_6588 social_share_privacy clearfix 1.6.4 locale-de_DE sprite-de_DE\"><\/div><div class=\"twoclick-js\"><script type=\"text\/javascript\">\/* <![CDATA[ *\/\njQuery(document).ready(function($){if($('.twoclick_social_bookmarks_post_6588')){$('.twoclick_social_bookmarks_post_6588').socialSharePrivacy({\"services\":{\"facebook\":{\"status\":\"on\",\"txt_info\":\"2 Klicks f\\u00fcr mehr Datenschutz: Erst wenn Sie hier klicken, wird der Button aktiv und Sie k\\u00f6nnen Ihre Empfehlung an Facebook senden. Schon beim Aktivieren werden Daten an Dritte \\u00fcbertragen - siehe <em>i<\\\/em>.\",\"perma_option\":\"off\",\"action\":\"recommend\",\"language\":\"de_DE\"},\"twitter\":{\"reply_to\":\"\",\"tweet_text\":\"Infos%20und%20Formulare%20%C2%BB%20MWBK%20D%C3%BCsseldorf\",\"status\":\"on\",\"txt_info\":\"2 Klicks f\\u00fcr mehr Datenschutz: Erst wenn Sie hier klicken, wird der Button aktiv und Sie k\\u00f6nnen Ihre Empfehlung an Twitter senden. Schon beim Aktivieren werden Daten an Dritte \\u00fcbertragen - siehe <em>i<\\\/em>.\",\"perma_option\":\"off\",\"language\":\"de\",\"referrer_track\":\"\"}},\"txt_help\":\"Wenn Sie diese Felder durch einen Klick aktivieren, werden Informationen an Facebook, Twitter, Flattr, Xing, t3n, LinkedIn, Pinterest oder Google eventuell ins Ausland \\u00fcbertragen und unter Umst\\u00e4nden auch dort gespeichert. N\\u00e4heres erfahren Sie durch einen Klick auf das <em>i<\\\/em>.\",\"settings_perma\":\"Dauerhaft aktivieren und Daten\\u00fcber-tragung zustimmen:\",\"info_link\":\"http:\\\/\\\/www.heise.de\\\/ct\\\/artikel\\\/2-Klicks-fuer-mehr-Datenschutz-1333879.html\",\"uri\":\"https:\\\/\\\/www.max-weber-berufskolleg.de\\\/web\\\/corona-infos-und-formulare\\\/\",\"post_id\":6588,\"post_title_referrer_track\":\"Infos+und+Formulare\",\"display_infobox\":\"on\"});}});\n\/* ]]> *\/<\/script><\/div>","protected":false},"excerpt":{"rendered":"<p>Neben dieser Seite finden Sie im Men\u00fc rechts aktuelle Infos und Formulare.<\/p>\n","protected":false},"author":9,"featured_media":0,"parent":0,"menu_order":0,"comment_status":"closed","ping_status":"closed","template":"","meta":{"jetpack_post_was_ever_published":false,"footnotes":"","_expiration-date-status":"","_expiration-date":0,"_expiration-date-type":"","_expiration-date-categories":[],"_expiration-date-options":[]},"class_list":["post-6588","page","type-page","status-publish","hentry"],"jetpack-related-posts":[{"id":2646,"url":"https:\/\/www.max-weber-berufskolleg.de\/web\/vertretungsplan1\/","url_meta":{"origin":6588,"position":0},"title":"Stunden- + Vertretungsplan","date":"10. Juni 2017","format":false,"excerpt":"Den aktuellen Vertretungsplan sowie die zugeh\u00f6rige Legende finden Sie auf dieser Seite. Nebenan auf der rechten Seite finden Sie ein kurzes Erkl\u00e4rvideo zu unserer Stundenplan- und Vertretungsplan-App \"Web Untis\" Der Stundenplan kann auch \u00fcber die Anwendung Web Untis eingesehen werden. Dieses Programm gibt es auch als App f\u00fcr IOS und\u2026","rel":"","context":"\u00c4hnlicher Beitrag","img":{"alt_text":"","src":"","width":0,"height":0},"classes":[]},{"id":3308,"url":"https:\/\/www.max-weber-berufskolleg.de\/web\/hausmeister\/","url_meta":{"origin":6588,"position":1},"title":"Hausmeister","date":"4. M\u00e4rz 2018","format":false,"excerpt":"Die Geb\u00e4udetechnik liegt in den guten H\u00e4nden unserer Hausmeister. Diese finden Sie w\u00e4hrend der \u00d6ffnungszeiten der Schule in dem Hausmeisterb\u00fcro neben dem Haupteingang (dort wo die zentralen Vertretungsplananzeigen sind). Unsere Hausmeister helfen gerne und stehen mit Rat und Tat zur Seite: Wenn Sie etwas auf dem Schulgel\u00e4nde gefunden haben, wenn\u2026","rel":"","context":"\u00c4hnlicher Beitrag","img":{"alt_text":"","src":"","width":0,"height":0},"classes":[]},{"id":25,"url":"https:\/\/www.max-weber-berufskolleg.de\/web\/bildungsangebot\/","url_meta":{"origin":6588,"position":2},"title":"Das Bildungsangebot","date":"1. Dezember 2013","format":false,"excerpt":"Das Max-Weber-Berufskolleg bietet Ihnen ein breites Spektrum an vollzeitschulischen Ausbildungsg\u00e4ngen sowie Berufsschulbildungsg\u00e4ngen als dualer Partner der Ausbildungsbetriebe: Vollzeitunterricht: In diesen Bildungsg\u00e4ngen k\u00f6nnen Sie Abschl\u00fcsse vom schulischen Teil der Fachhochschulreife (H\u00f6here Handelsschule) \u00fcber die volle Fachhochschulreife (FOS 11\/12 und FOS 12 b sowie FOS Polizei) bis zur Allgemeinen Hochschulreife (FOS 13)\u2026","rel":"","context":"\u00c4hnlicher Beitrag","img":{"alt_text":"","src":"","width":0,"height":0},"classes":[]},{"id":145,"url":"https:\/\/www.max-weber-berufskolleg.de\/web\/allgemeine-schulinfos\/impressum\/","url_meta":{"origin":6588,"position":3},"title":"Impressum und Datenschutz","date":"25. April 2016","format":false,"excerpt":"Impressum und Datenschutzerkl\u00e4rung f\u00fcr die Nutzung dieser Website und unseren Social-Media-Angeboten \u00a0 Max-Weber-Berufskolleg St\u00e4dtische Schule f\u00fcr Wirtschaft und Verwaltung Schulleiterin: Sabine von Zedlitz-Neukirch Stellvertretende Schulleitung: Barbara Stieldorf Kontaktdaten: Anschrift Suitbertusstra\u00dfe 163-165 40223 D\u00fcsseldorf Telefon 0211 \/ 89273-40 0211 \/ 89273-41 0211 \/ 89273-42 Telefax 0211 \/ 8929159 E-Mail info@mwbk.nrw.schule Ansprechpartner\u2026","rel":"","context":"\u00c4hnlicher Beitrag","img":{"alt_text":"","src":"","width":0,"height":0},"classes":[]},{"id":7570,"url":"https:\/\/www.max-weber-berufskolleg.de\/web\/berufsschule\/","url_meta":{"origin":6588,"position":4},"title":"Berufsschule","date":"14. November 2022","format":false,"excerpt":"Wichtige Hinweise: Die Anmeldung zur Berufsschule wird durch die Ausbildungsbetriebe durchgef\u00fchrt. Sollten Sie die Anmeldung nicht direkt abschlie\u00dfen wollen\/k\u00f6nnen, so k\u00f6nnen Sie diese zu einem sp\u00e4teren Zeitpunkt wieder aufnehmen. Hierzu notieren Sie sich bitte das individuelle Passwort, welches bei der Anmeldung im oberen Bereich eingeblendet wird. An die Adresse des\u2026","rel":"","context":"\u00c4hnlicher Beitrag","img":{"alt_text":"","src":"","width":0,"height":0},"classes":[]},{"id":3437,"url":"https:\/\/www.max-weber-berufskolleg.de\/web\/release-notes-alt\/","url_meta":{"origin":6588,"position":5},"title":"Release-Notes alt","date":"24. April 2018","format":false,"excerpt":"V20200926 Einf\u00fcgung Artikel \"Rheinbahnstreik\", oben gehalten bis 29092020 abends V20200922 Einf\u00fcgung Artikel D\u00fcsseldorfer Ausbilderkreis Livestream V20200920 Einf\u00fcgung Artikel Ferienschlie\u00dfung (verf\u00e4llt automatisch zu Entwurf) V20200920 Einf\u00fcgung Artikel Online-Beratung Auslandspraktikum V20200915 Einf\u00fcgung Artikel und Video der Stadt zur Neubauer\u00f6ffnung V20200914 Einf\u00fcgung Artikel Einweihung Neubau Aktualisierung IMA Europa Seite V20200904 Einf\u00fcgung Artikel Empfehlung\u2026","rel":"","context":"\u00c4hnlicher Beitrag","img":{"alt_text":"","src":"","width":0,"height":0},"classes":[]}],"jetpack_sharing_enabled":true,"_links":{"self":[{"href":"https:\/\/www.max-weber-berufskolleg.de\/web\/wp-json\/wp\/v2\/pages\/6588","targetHints":{"allow":["GET"]}}],"collection":[{"href":"https:\/\/www.max-weber-berufskolleg.de\/web\/wp-json\/wp\/v2\/pages"}],"about":[{"href":"https:\/\/www.max-weber-berufskolleg.de\/web\/wp-json\/wp\/v2\/types\/page"}],"author":[{"embeddable":true,"href":"https:\/\/www.max-weber-berufskolleg.de\/web\/wp-json\/wp\/v2\/users\/9"}],"replies":[{"embeddable":true,"href":"https:\/\/www.max-weber-berufskolleg.de\/web\/wp-json\/wp\/v2\/comments?post=6588"}],"version-history":[{"count":3,"href":"https:\/\/www.max-weber-berufskolleg.de\/web\/wp-json\/wp\/v2\/pages\/6588\/revisions"}],"predecessor-version":[{"id":8494,"href":"https:\/\/www.max-weber-berufskolleg.de\/web\/wp-json\/wp\/v2\/pages\/6588\/revisions\/8494"}],"wp:attachment":[{"href":"https:\/\/www.max-weber-berufskolleg.de\/web\/wp-json\/wp\/v2\/media?parent=6588"}],"curies":[{"name":"wp","href":"https:\/\/api.w.org\/{rel}","templated":true}]}}