{"id":7584,"date":"2022-11-14T12:11:30","date_gmt":"2022-11-14T11:11:30","guid":{"rendered":"https:\/\/www.max-weber-berufskolleg.de\/web\/?page_id=7584"},"modified":"2026-02-18T10:54:46","modified_gmt":"2026-02-18T09:54:46","slug":"hoehere-handelsschule","status":"publish","type":"page","link":"https:\/\/www.max-weber-berufskolleg.de\/web\/hoehere-handelsschule\/","title":{"rendered":"H\u00f6here Handelsschule"},"content":{"rendered":"<p style=\"text-align: center;\"><strong>Die Anmeldung f\u00fcr das Schuljahr 2026\/27 startete am 06.02.2026<\/strong><\/p>\n<p data-start=\"864\" data-end=\"1114\">\n<p data-start=\"864\" data-end=\"1114\">Vielen Dank f\u00fcr Ihre Anmeldung. Alle Pl\u00e4tze in der H\u00f6heren Handelsschule sind zurzeit vergeben.<\/p>\n<p data-start=\"864\" data-end=\"1114\">Restplatzvergabe ggf. 14.07.2026, 08:00 Uhr<\/p>\n<p data-start=\"864\" data-end=\"1114\">Eine Alternative kann die FOS 11\/12 sein. Schauen Sie bitte unter <a href=\"https:\/\/www.max-weber-berufskolleg.de\/web\/fachoberschule-11-12\/\" target=\"_blank\" rel=\"noopener\">https:\/\/www.max-weber-berufskolleg.de\/web\/fachoberschule-11-12\/<\/a><\/p>\n<div class=\"twoclick_social_bookmarks_post_7584 social_share_privacy clearfix 1.6.4 locale-de_DE sprite-de_DE\"><\/div><div class=\"twoclick-js\"><script type=\"text\/javascript\">\/* <![CDATA[ *\/\njQuery(document).ready(function($){if($('.twoclick_social_bookmarks_post_7584')){$('.twoclick_social_bookmarks_post_7584').socialSharePrivacy({\"services\":{\"facebook\":{\"status\":\"on\",\"txt_info\":\"2 Klicks f\\u00fcr mehr Datenschutz: Erst wenn Sie hier klicken, wird der Button aktiv und Sie k\\u00f6nnen Ihre Empfehlung an Facebook senden. Schon beim Aktivieren werden Daten an Dritte \\u00fcbertragen - siehe <em>i<\\\/em>.\",\"perma_option\":\"off\",\"action\":\"recommend\",\"language\":\"de_DE\"},\"twitter\":{\"reply_to\":\"\",\"tweet_text\":\"H%C3%B6here%20Handelsschule%20%C2%BB%20MWBK%20D%C3%BCsseldorf\",\"status\":\"on\",\"txt_info\":\"2 Klicks f\\u00fcr mehr Datenschutz: Erst wenn Sie hier klicken, wird der Button aktiv und Sie k\\u00f6nnen Ihre Empfehlung an Twitter senden. Schon beim Aktivieren werden Daten an Dritte \\u00fcbertragen - siehe <em>i<\\\/em>.\",\"perma_option\":\"off\",\"language\":\"de\",\"referrer_track\":\"\"}},\"txt_help\":\"Wenn Sie diese Felder durch einen Klick aktivieren, werden Informationen an Facebook, Twitter, Flattr, Xing, t3n, LinkedIn, Pinterest oder Google eventuell ins Ausland \\u00fcbertragen und unter Umst\\u00e4nden auch dort gespeichert. N\\u00e4heres erfahren Sie durch einen Klick auf das <em>i<\\\/em>.\",\"settings_perma\":\"Dauerhaft aktivieren und Daten\\u00fcber-tragung zustimmen:\",\"info_link\":\"http:\\\/\\\/www.heise.de\\\/ct\\\/artikel\\\/2-Klicks-fuer-mehr-Datenschutz-1333879.html\",\"uri\":\"https:\\\/\\\/www.max-weber-berufskolleg.de\\\/web\\\/hoehere-handelsschule\\\/\",\"post_id\":7584,\"post_title_referrer_track\":\"H%C3%B6here+Handelsschule\",\"display_infobox\":\"on\"});}});\n\/* ]]> *\/<\/script><\/div>","protected":false},"excerpt":{"rendered":"<p>Die Anmeldung f\u00fcr das Schuljahr 2026\/27 startete am 06.02.2026 Vielen Dank f\u00fcr Ihre Anmeldung. Alle Pl\u00e4tze in der H\u00f6heren Handelsschule sind zurzeit vergeben. Restplatzvergabe ggf. 14.07.2026, 08:00 Uhr Eine Alternative kann die FOS 11\/12 sein. Schauen Sie bitte unter https:\/\/www.max-weber-berufskolleg.de\/web\/fachoberschule-11-12\/<\/p>\n","protected":false},"author":9,"featured_media":0,"parent":0,"menu_order":0,"comment_status":"closed","ping_status":"closed","template":"","meta":{"jetpack_post_was_ever_published":false,"footnotes":"","_expiration-date-status":"","_expiration-date":0,"_expiration-date-type":"","_expiration-date-categories":[],"_expiration-date-options":[]},"class_list":["post-7584","page","type-page","status-publish","hentry"],"jetpack-related-posts":[{"id":7660,"url":"https:\/\/www.max-weber-berufskolleg.de\/web\/handelsschule-fuer-fluechtlinge-2\/","url_meta":{"origin":7584,"position":0},"title":"Handelsschule f\u00fcr Vielfalt und Integration (Berufsfachschule 2)","date":"28. November 2022","format":false,"excerpt":"\u00a0 Die Anmeldung f\u00fcr das Schuljahr 2026\/27 startete am 06.02.2026 \u00a0 Handelsschule: hier sind noch Pl\u00e4tze frei. - Nachanmeldung am 26.06.2026 von 10:00 bis 12:00 Uhr - Terminvereinbarung per Mail: handelsschule@mwbk.nrw.schule Sollten zum Ende des Schuljahres noch Restpl\u00e4tze verf\u00fcgbar sein, finden weitere Anmeldungen am 14.07.2026 ab 08:00 Uhr statt. Erfahrungsgem\u00e4\u00df\u2026","rel":"","context":"\u00c4hnlicher Beitrag","img":{"alt_text":"","src":"","width":0,"height":0},"classes":[]},{"id":447,"url":"https:\/\/www.max-weber-berufskolleg.de\/web\/anmeldung\/","url_meta":{"origin":7584,"position":1},"title":"Anmeldung","date":"14. Mai 2014","format":false,"excerpt":"Herzlich Willkommen am Max-Weber-Berufskolleg. \u00a0 \u00a0 Falls Sie sich f\u00fcr eine Anmeldung interessieren, klicken Sie unten auf den gew\u00fcnschten Bereich. Berufsschule Fachoberschule Polizei Fachoberschule 11\/12 H\u00f6here Handelsschule Fachoberschule 12B (FOS 12B) Fachoberschule 13 (FOS 13) Fachschule f\u00fcr Wirtschaft Fit f\u00fcr Mehr (FFM) & Internationale F\u00f6rderklasse (IFK) Handelsschule f\u00fcr Gefl\u00fcchtete","rel":"","context":"In &quot;Allgemein&quot;","img":{"alt_text":"","src":"https:\/\/i0.wp.com\/www.max-weber-berufskolleg.de\/web\/wp-content\/uploads\/2025\/10\/Anmeldung.jpg?resize=350%2C200&ssl=1","width":350,"height":200},"classes":[]},{"id":25,"url":"https:\/\/www.max-weber-berufskolleg.de\/web\/bildungsangebot\/","url_meta":{"origin":7584,"position":2},"title":"Das Bildungsangebot","date":"1. Dezember 2013","format":false,"excerpt":"Das Max-Weber-Berufskolleg bietet Ihnen ein breites Spektrum an vollzeitschulischen Ausbildungsg\u00e4ngen sowie Berufsschulbildungsg\u00e4ngen als dualer Partner der Ausbildungsbetriebe: Vollzeitunterricht: In diesen Bildungsg\u00e4ngen k\u00f6nnen Sie Abschl\u00fcsse vom schulischen Teil der Fachhochschulreife (H\u00f6here Handelsschule) \u00fcber die volle Fachhochschulreife (FOS 11\/12 und FOS 12 b sowie FOS Polizei) bis zur Allgemeinen Hochschulreife (FOS 13)\u2026","rel":"","context":"\u00c4hnlicher Beitrag","img":{"alt_text":"","src":"","width":0,"height":0},"classes":[]},{"id":92,"url":"https:\/\/www.max-weber-berufskolleg.de\/web\/bildungsangebot\/handelsschulehoehere-handelsschule\/","url_meta":{"origin":7584,"position":3},"title":"H\u00f6here Handelsschule","date":"1. Dezember 2013","format":false,"excerpt":"\u00a0 Hier geht es zur Anmeldung \u00a0 H\u00f6here Handelsschule - Dein Sprungbrett in die Zukunft\u00a0 Du willst zu uns? Super! Wir wollen DICH! Hier erf\u00e4hrst Du, wie es geht:\u00a0 \u00a0 \u2705 Was brauchst Du?\u00a0 Mittlerer Schulabschluss (FOR)\u00a0 Interesse an kaufm\u00e4nnischen und\/oder verwaltenden T\u00e4tigkeiten\u00a0 \u00a0 \ud83c\udf93 Was bieten wir?\u00a0 Erwerb des\u2026","rel":"","context":"\u00c4hnlicher Beitrag","img":{"alt_text":"","src":"","width":0,"height":0},"classes":[]},{"id":450,"url":"https:\/\/www.max-weber-berufskolleg.de\/web\/anmeldung\/jahresplaner\/","url_meta":{"origin":7584,"position":4},"title":"Jahresplaner &#8211; langfristige Termine","date":"14. Mai 2014","format":false,"excerpt":"Anmeldungen f\u00fcr das laufende Schuljahr sind f\u00fcr die Berufsschule jederzeit m\u00f6glich, die zugeh\u00f6rigen Informationen finden Sie\u00a0 auf der Anmeldeseite. F\u00fcr die Vollzeitbildungsg\u00e4nge \"H\u00f6here Handelsschule\", \"Fachschule f\u00fcr Wirtschaft\" und \"Fachoberschule\" gelten abweichende Termine, diese finden Sie unten auf der Seite und auf der Anmeldeseite. \u00a0 Schuljahr 2025\/2026 Ferienzeiten Sommerferien: 14.07.2025 -\u2026","rel":"","context":"\u00c4hnlicher Beitrag","img":{"alt_text":"","src":"","width":0,"height":0},"classes":[]},{"id":7615,"url":"https:\/\/www.max-weber-berufskolleg.de\/web\/anmeldung-backup\/","url_meta":{"origin":7584,"position":5},"title":"Anmeldung (Backup)","date":"15. November 2022","format":false,"excerpt":"Die gesetzliche Grundlage f\u00fcr die Datenerhebung bei der Anmeldung und deren Weiterverarbeitung finden Sie hier. \u00a0 Auf Wunsch des Schultr\u00e4gers werden wir f\u00fcr die Anmeldungen zum Schuljahr 2023\/24 im Januar auf das Anmeldeportal Sch\u00fcler online wechseln. \u00a0 Daraus ergeben sich dann Ver\u00e4nderungen in der Anmeldung \u00fcber die wir Sie ab\u2026","rel":"","context":"\u00c4hnlicher Beitrag","img":{"alt_text":"","src":"","width":0,"height":0},"classes":[]}],"jetpack_sharing_enabled":true,"_links":{"self":[{"href":"https:\/\/www.max-weber-berufskolleg.de\/web\/wp-json\/wp\/v2\/pages\/7584","targetHints":{"allow":["GET"]}}],"collection":[{"href":"https:\/\/www.max-weber-berufskolleg.de\/web\/wp-json\/wp\/v2\/pages"}],"about":[{"href":"https:\/\/www.max-weber-berufskolleg.de\/web\/wp-json\/wp\/v2\/types\/page"}],"author":[{"embeddable":true,"href":"https:\/\/www.max-weber-berufskolleg.de\/web\/wp-json\/wp\/v2\/users\/9"}],"replies":[{"embeddable":true,"href":"https:\/\/www.max-weber-berufskolleg.de\/web\/wp-json\/wp\/v2\/comments?post=7584"}],"version-history":[{"count":63,"href":"https:\/\/www.max-weber-berufskolleg.de\/web\/wp-json\/wp\/v2\/pages\/7584\/revisions"}],"predecessor-version":[{"id":9538,"href":"https:\/\/www.max-weber-berufskolleg.de\/web\/wp-json\/wp\/v2\/pages\/7584\/revisions\/9538"}],"wp:attachment":[{"href":"https:\/\/www.max-weber-berufskolleg.de\/web\/wp-json\/wp\/v2\/media?parent=7584"}],"curies":[{"name":"wp","href":"https:\/\/api.w.org\/{rel}","templated":true}]}}