{"id":90,"date":"2013-12-01T19:00:42","date_gmt":"2013-12-01T17:00:42","guid":{"rendered":"http:\/\/www.max-weber-berufskolleg.de\/web\/?page_id=90"},"modified":"2019-11-04T13:27:42","modified_gmt":"2019-11-04T12:27:42","slug":"berufsschule","status":"publish","type":"page","link":"https:\/\/www.max-weber-berufskolleg.de\/web\/bildungsangebot\/berufsschule\/","title":{"rendered":"Berufsschule"},"content":{"rendered":"<p><strong>Wenn Sie einen Sch\u00fcler f\u00fcr die Berufsschule anmelden wollen, folgen Sie bitte <a href=\"https:\/\/www.max-weber-berufskolleg.de\/web\/anmeldung\/\">diesem Link<\/a>.<\/strong><\/p>\n<p><span style=\"font-family: Thread-00000da8-Id-00000056;\"><strong>Berufsschule (\u00dcbersicht):<\/strong><br \/>\n<\/span><\/p>\n\n<table id=\"tablepress-12\" class=\"tablepress tablepress-id-12\">\n<thead>\n<tr class=\"row-1 odd\">\n\t<th class=\"column-1\">Bildungsgang<\/th><th class=\"column-2\">Link<\/th>\n<\/tr>\n<\/thead>\n<tbody class=\"row-hover\">\n<tr class=\"row-2 even\">\n\t<td class=\"column-1\">Kaufmann\/Kauffrau f\u00fcr B\u00fcromanagement<\/td><td class=\"column-2\"><a href=\"https:\/\/www.max-weber-berufskolleg.de\/web\/bildungsangebot\/berufsschule\/kaufleute-fuer-bueromanagement\/\" rel=\"noopener noreferrer\" target=\"_blank\">B\u00fcromanagement<\/a><\/td>\n<\/tr>\n<tr class=\"row-3 odd\">\n\t<td class=\"column-1\">Kaufmann\/Kauffrau f\u00fcr Dialogmarketing<\/td><td class=\"column-2\"><a href=\"https:\/\/www.max-weber-berufskolleg.de\/web\/bildungsangebot\/berufsschule\/kaufleute-fuer-dialogmarketing\/\" rel=\"noopener noreferrer\" target=\"_blank\">Dialogmarketing<\/a><\/td>\n<\/tr>\n<tr class=\"row-4 even\">\n\t<td class=\"column-1\">IT-Systemmanagement\/Digitalisierungsmanagement<\/td><td class=\"column-2\"><a href=\"https:\/\/www.max-weber-berufskolleg.de\/web\/neu-kaufmann-it-systemmanagement-kaufmann-digitalisierungsmanagement\/\">IT-System-\/Digitalisierungsmanagement<\/a><\/td>\n<\/tr>\n<tr class=\"row-5 odd\">\n\t<td class=\"column-1\">Industriekaufmann\/ Industriekauffrau<\/td><td class=\"column-2\"><a href=\"https:\/\/www.max-weber-berufskolleg.de\/web\/bildungsangebot\/berufsschule\/industriekaufleute\/\" rel=\"noopener noreferrer\" target=\"_blank\">Industrie<\/a><\/td>\n<\/tr>\n<tr class=\"row-6 even\">\n\t<td class=\"column-1\">Justizfachangestellter\/ Justizfachangestellte<\/td><td class=\"column-2\"><a href=\"https:\/\/www.max-weber-berufskolleg.de\/web\/bildungsangebot\/berufsschule\/justizfachangestellte\/\" rel=\"noopener noreferrer\" target=\"_blank\">Justiz<\/a><\/td>\n<\/tr>\n<tr class=\"row-7 odd\">\n\t<td class=\"column-1\">Notarfachangestellter\/ Notarfachangestellte<\/td><td class=\"column-2\"><a href=\"https:\/\/www.max-weber-berufskolleg.de\/web\/bildungsangebot\/berufsschule\/notarfachangestellte\/\" rel=\"noopener noreferrer\" target=\"_blank\">Notar<\/a><\/td>\n<\/tr>\n<tr class=\"row-8 even\">\n\t<td class=\"column-1\">Patentsanwaltfachangestellter\/ -angestellte<\/td><td class=\"column-2\"><a href=\"https:\/\/www.max-weber-berufskolleg.de\/web\/bildungsangebot\/berufsschule\/patentanwaltsfachangestellte\/\" rel=\"noopener noreferrer\" target=\"_blank\">Patentanwalt<\/a><\/td>\n<\/tr>\n<tr class=\"row-9 odd\">\n\t<td class=\"column-1\">Rechtsanwaltfachangestellter\/ -angestellte<\/td><td class=\"column-2\"><a href=\"https:\/\/www.max-weber-berufskolleg.de\/web\/bildungsangebot\/berufsschule\/rechtsanwaltsfachangestellte\/\" rel=\"noopener noreferrer\" target=\"_blank\">Rechtsanwalt<\/a><\/td>\n<\/tr>\n<tr class=\"row-10 even\">\n\t<td class=\"column-1\">Verwaltungsfachangestellter\/ -angestellte<\/td><td class=\"column-2\"><a href=\"https:\/\/www.max-weber-berufskolleg.de\/web\/bildungsangebot\/berufsschule\/verwaltungsfachangestellte\/\" rel=\"noopener noreferrer\" target=\"_blank\">Verwaltung<\/a><\/td>\n<\/tr>\n<tr class=\"row-11 odd\">\n\t<td class=\"column-1\">Steuerfachangestellter\/ Steuerfachangestellte<\/td><td class=\"column-2\"><a href=\"https:\/\/www.max-weber-berufskolleg.de\/web\/bildungsangebot\/berufsschule\/steuerfachangestellte\/\" rel=\"noopener noreferrer\" target=\"_blank\">Steuern<\/a><\/td>\n<\/tr>\n<tr class=\"row-12 even\">\n\t<td class=\"column-1\">Fachpraktiker\/Fachpraktikerin f\u00fcr B\u00fcromanagement<\/td><td class=\"column-2\"><a href=\"https:\/\/www.max-weber-berufskolleg.de\/web\/bildungsangebot\/berufsschule\/buerokraefte\/\" rel=\"noopener noreferrer\" target=\"_blank\">Fachpraktiker B\u00fcro<\/a><\/td>\n<\/tr>\n<\/tbody>\n<\/table>\n<!-- #tablepress-12 from cache -->\n<div class=\"twoclick_social_bookmarks_post_90 social_share_privacy clearfix 1.6.4 locale-de_DE sprite-de_DE\"><\/div><div class=\"twoclick-js\"><script type=\"text\/javascript\">\/* <![CDATA[ *\/\njQuery(document).ready(function($){if($('.twoclick_social_bookmarks_post_90')){$('.twoclick_social_bookmarks_post_90').socialSharePrivacy({\"services\":{\"facebook\":{\"status\":\"on\",\"txt_info\":\"2 Klicks f\\u00fcr mehr Datenschutz: Erst wenn Sie hier klicken, wird der Button aktiv und Sie k\\u00f6nnen Ihre Empfehlung an Facebook senden. Schon beim Aktivieren werden Daten an Dritte \\u00fcbertragen - siehe <em>i<\\\/em>.\",\"perma_option\":\"off\",\"action\":\"recommend\",\"language\":\"de_DE\"},\"twitter\":{\"reply_to\":\"\",\"tweet_text\":\"Berufsschule%20%C2%BB%20MWBK%20D%C3%BCsseldorf\",\"status\":\"on\",\"txt_info\":\"2 Klicks f\\u00fcr mehr Datenschutz: Erst wenn Sie hier klicken, wird der Button aktiv und Sie k\\u00f6nnen Ihre Empfehlung an Twitter senden. Schon beim Aktivieren werden Daten an Dritte \\u00fcbertragen - siehe <em>i<\\\/em>.\",\"perma_option\":\"off\",\"language\":\"de\",\"referrer_track\":\"\"}},\"txt_help\":\"Wenn Sie diese Felder durch einen Klick aktivieren, werden Informationen an Facebook, Twitter, Flattr, Xing, t3n, LinkedIn, Pinterest oder Google eventuell ins Ausland \\u00fcbertragen und unter Umst\\u00e4nden auch dort gespeichert. N\\u00e4heres erfahren Sie durch einen Klick auf das <em>i<\\\/em>.\",\"settings_perma\":\"Dauerhaft aktivieren und Daten\\u00fcber-tragung zustimmen:\",\"info_link\":\"http:\\\/\\\/www.heise.de\\\/ct\\\/artikel\\\/2-Klicks-fuer-mehr-Datenschutz-1333879.html\",\"uri\":\"https:\\\/\\\/www.max-weber-berufskolleg.de\\\/web\\\/bildungsangebot\\\/berufsschule\\\/\",\"post_id\":90,\"post_title_referrer_track\":\"Berufsschule\",\"display_infobox\":\"on\"});}});\n\/* ]]> *\/<\/script><\/div>","protected":false},"excerpt":{"rendered":"<p>Wenn Sie einen Sch\u00fcler f\u00fcr die Berufsschule anmelden wollen, folgen Sie bitte diesem Link. Berufsschule (\u00dcbersicht):<\/p>\n","protected":false},"author":9,"featured_media":0,"parent":25,"menu_order":1,"comment_status":"closed","ping_status":"closed","template":"","meta":{"jetpack_post_was_ever_published":false,"footnotes":"","_expiration-date-status":"saved","_expiration-date":0,"_expiration-date-type":"","_expiration-date-categories":[],"_expiration-date-options":[]},"class_list":["post-90","page","type-page","status-publish","hentry"],"jetpack-related-posts":[{"id":7570,"url":"https:\/\/www.max-weber-berufskolleg.de\/web\/berufsschule\/","url_meta":{"origin":90,"position":0},"title":"Berufsschule","date":"14. November 2022","format":false,"excerpt":"Wichtige Hinweise: Die Anmeldung zur Berufsschule wird durch die Ausbildungsbetriebe durchgef\u00fchrt. Sollten Sie die Anmeldung nicht direkt abschlie\u00dfen wollen\/k\u00f6nnen, so k\u00f6nnen Sie diese zu einem sp\u00e4teren Zeitpunkt wieder aufnehmen. Hierzu notieren Sie sich bitte das individuelle Passwort, welches bei der Anmeldung im oberen Bereich eingeblendet wird. An die Adresse des\u2026","rel":"","context":"\u00c4hnlicher Beitrag","img":{"alt_text":"","src":"","width":0,"height":0},"classes":[]},{"id":7615,"url":"https:\/\/www.max-weber-berufskolleg.de\/web\/anmeldung-backup\/","url_meta":{"origin":90,"position":1},"title":"Anmeldung (Backup)","date":"15. November 2022","format":false,"excerpt":"Die gesetzliche Grundlage f\u00fcr die Datenerhebung bei der Anmeldung und deren Weiterverarbeitung finden Sie hier. \u00a0 Auf Wunsch des Schultr\u00e4gers werden wir f\u00fcr die Anmeldungen zum Schuljahr 2023\/24 im Januar auf das Anmeldeportal Sch\u00fcler online wechseln. \u00a0 Daraus ergeben sich dann Ver\u00e4nderungen in der Anmeldung \u00fcber die wir Sie ab\u2026","rel":"","context":"\u00c4hnlicher Beitrag","img":{"alt_text":"","src":"","width":0,"height":0},"classes":[]},{"id":132,"url":"https:\/\/www.max-weber-berufskolleg.de\/web\/bildungsangebot\/berufsschule\/kaufleute-fuer-bueromanagement\/","url_meta":{"origin":90,"position":2},"title":"Kaufleute f\u00fcr B\u00fcromanagement","date":"5. Dezember 2013","format":false,"excerpt":"Beruf Kaufleute f\u00fcr B\u00fcromanagement organisieren und bearbeiten b\u00fcrowirtschaftliche Aufgaben. Au\u00dferdem erledigen sie kaufm\u00e4nnische T\u00e4tigkeiten in Bereichen wie Auftragsbearbeitung, Beschaffung, Rechnungswesen, Marketing und Personalverwaltung. (...) Kaufleute f\u00fcr B\u00fcromanagement finden Besch\u00e4ftigung in Unternehmen nahezu aller Wirtschaftsbereiche in der \u00f6ffentlichen Verwaltung bei Verb\u00e4nden, Organisationen und Interessenvertretungen. Quelle:\u00a0https:\/\/berufenet.arbeitsagentur.de\/ Ausbildung Die Ausbildung erfolgt regelm\u00e4\u00dfig\u00a0im Ausbildungsbetrieb\u2026","rel":"","context":"\u00c4hnlicher Beitrag","img":{"alt_text":"","src":"","width":0,"height":0},"classes":[]},{"id":156,"url":"https:\/\/www.max-weber-berufskolleg.de\/web\/bildungsangebot\/berufsschule\/steuerfachangestellte\/","url_meta":{"origin":90,"position":3},"title":"Steuerfachangestellte","date":"18. Dezember 2013","format":false,"excerpt":"Steuerfachangestellte sind qualifizierte Mitarbeiter und Mitarbeiterinnen in Praxen der Steuerberater, Wirtschaftspr\u00fcfer und vereidigten Buchpr\u00fcfer.\u00a0Sie verf\u00fcgen \u00fcber steuerfachspezifische und kaufm\u00e4nnische Fachkompetenz. Art der Klassen Der Unterricht ist in Teilzeitform organisiert; Auszubildende der steuerfachangestellten Berufe kommen 1 bis 1,5 Tage in der Woche zur \u00fcberwiegend fachlich-theoretischen Ausbildung in unsere Schule. Lernfelder\/F\u00e4cher \u00a0\u2026","rel":"","context":"\u00c4hnlicher Beitrag","img":{"alt_text":"","src":"https:\/\/i0.wp.com\/www.max-weber-berufskolleg.de\/web\/wp-content\/uploads\/2024\/09\/Steuern-Lernfelder.png?resize=350%2C200&ssl=1","width":350,"height":200},"classes":[]},{"id":136,"url":"https:\/\/www.max-weber-berufskolleg.de\/web\/bildungsangebot\/berufsschule\/industriekaufleute\/","url_meta":{"origin":90,"position":4},"title":"Industriekaufleute","date":"5. Dezember 2013","format":false,"excerpt":"Beruf Kaufm\u00e4nnische T\u00e4tigkeiten in Industrieunternehmen Schnittstelle zwischen verschiedenen Abteilungen (z.B. Einkauf, Vertrieb, Rechnungswesen) Ausbildungsdauer 3 Jahre (duale Ausbildung: Theorie an Schulen, Praxis im Betrieb) Verk\u00fcrzung m\u00f6glich \u00a0 Besonderheiten am MWBK Ausschlie\u00dflich im 13-Wochen-Block-Modell als siA-Klasse Unterstufe im letzten Drittel, Mittelstufe im mittleren Drittel und die Oberstufe im ersten Drittel eines\u2026","rel":"","context":"\u00c4hnlicher Beitrag","img":{"alt_text":"","src":"","width":0,"height":0},"classes":[]},{"id":164,"url":"https:\/\/www.max-weber-berufskolleg.de\/web\/bildungsangebot\/berufsschule\/patentanwaltsfachangestellte\/","url_meta":{"origin":90,"position":5},"title":"Fachangestellte\/-r Patentanwalt","date":"18. Dezember 2013","format":false,"excerpt":"Zust\u00e4ndige Kammer ist f\u00fcr diese Auszubildende die\u00a0Patentanwaltskammer in M\u00fcnchen. Aufgabengebiet Das Arbeitsgebiet von Patentanwaltsfachangestellten ist die organisatorische Unterst\u00fctzung der Patentanw\u00e4lte. Dazu geh\u00f6rt u.a., dass sie die wichtigsten Rechtsvorschriften im gewerblichen Rechtschutz anwenden k\u00f6nnen. Zum Aufgabengebiet der Patentanwaltsfachangestellten geh\u00f6rt auch die \u00dcberwachung von Terminen und Fristen bei Gerichten und Beh\u00f6rden ebenso\u2026","rel":"","context":"\u00c4hnlicher Beitrag","img":{"alt_text":"","src":"","width":0,"height":0},"classes":[]}],"jetpack_sharing_enabled":true,"_links":{"self":[{"href":"https:\/\/www.max-weber-berufskolleg.de\/web\/wp-json\/wp\/v2\/pages\/90","targetHints":{"allow":["GET"]}}],"collection":[{"href":"https:\/\/www.max-weber-berufskolleg.de\/web\/wp-json\/wp\/v2\/pages"}],"about":[{"href":"https:\/\/www.max-weber-berufskolleg.de\/web\/wp-json\/wp\/v2\/types\/page"}],"author":[{"embeddable":true,"href":"https:\/\/www.max-weber-berufskolleg.de\/web\/wp-json\/wp\/v2\/users\/9"}],"replies":[{"embeddable":true,"href":"https:\/\/www.max-weber-berufskolleg.de\/web\/wp-json\/wp\/v2\/comments?post=90"}],"version-history":[{"count":9,"href":"https:\/\/www.max-weber-berufskolleg.de\/web\/wp-json\/wp\/v2\/pages\/90\/revisions"}],"predecessor-version":[{"id":4774,"href":"https:\/\/www.max-weber-berufskolleg.de\/web\/wp-json\/wp\/v2\/pages\/90\/revisions\/4774"}],"up":[{"embeddable":true,"href":"https:\/\/www.max-weber-berufskolleg.de\/web\/wp-json\/wp\/v2\/pages\/25"}],"wp:attachment":[{"href":"https:\/\/www.max-weber-berufskolleg.de\/web\/wp-json\/wp\/v2\/media?parent=90"}],"curies":[{"name":"wp","href":"https:\/\/api.w.org\/{rel}","templated":true}]}}